{"id":7425,"date":"2026-03-06T11:57:26","date_gmt":"2026-03-06T08:57:26","guid":{"rendered":"https:\/\/markasite.com.tr\/markamotors\/urun\/garrett-kit-turbine-housing_gseries-g35_0-83-a-r-t3\/"},"modified":"2026-03-10T01:52:58","modified_gmt":"2026-03-09T22:52:58","slug":"garrett-kit-turbine-housing_gseries-g35_0-83-a-r-t3","status":"publish","type":"product","link":"https:\/\/markasite.com.tr\/markamotors\/urun\/garrett-kit-turbine-housing_gseries-g35_0-83-a-r-t3\/","title":{"rendered":"<div class=\"product-loop-meta\"><div class=\"loop-cat\">G Serisi<\/div><\/div><div class=\"list-pro-title\">Garrett \u00ae Kit Turbine Housing_Gseries G35_0.83 A\/R T3<\/div>"},"content":{"rendered":"<p>Garrett G35 egzoz muhafazas\u0131 0.83 A\/R<br \/>\nT3 giri\u015fli ve V-Band \u00e7\u0131k\u0131\u015fl\u0131 G35-900 \/ G35-1050 i\u00e7in egzoz muhafazas\u0131<br \/>\nT3 Singlescroll turbo flan\u015f\u0131 ve VBand egzoz borusu flan\u015f\u0131 ile G35 t\u00fcrbin g\u00f6vdesi ve 0.83ar<br \/>\nGarrett egzoz muhafazas\u0131, t\u00fcm G35-900 ve G35-1050 turbo\u015farjlar ve SuperCore&#8217;lar i\u00e7in uygundur.<\/p>\n<p>T\u00fcrbin muhafazas\u0131 giri\u015f flan\u015f\u0131: T3<br \/>\nT\u00fcrbin muhafazas\u0131 \u00e7\u0131k\u0131\u015f\u0131: V-Band<br \/>\nA\/R de\u011feri: 0,83<\/p>\n<p>T\u00fcrbin \u00e7ark\u0131 i\u00e7in uygundur:<br \/>\nGiri\u015f: 68,00 mm<br \/>\n\u00c7\u0131k\u0131\u015f: 62,00 mm<br \/>\nTrim: 84<\/p>\n<p>Turbo\u015farjlar i\u00e7in:<br \/>\nGarrett G35-900<br \/>\nGarrett G35-1050<\/p>\n<p>Not: G35 turbo\u015farj\u0131n ters versiyonlar\u0131 i\u00e7in uygun de\u011fildir! Ters turbo\u015farjlar i\u00e7in ayr\u0131 Ters t\u00fcrbin muhafazalar\u0131 mevcuttur.<\/p>\n","protected":false},"excerpt":{"rendered":"<p>Garrett G35 egzoz muhafazas\u0131 0.83 A\/R T3 giri\u015fli ve V-Band \u00e7\u0131k\u0131\u015fl\u0131 G35-900 \/ G35-1050 i\u00e7in egzoz muhafazas\u0131 T3 Singlescroll turbo flan\u015f\u0131 ve VBand egzoz borusu flan\u015f\u0131 ile G35 t\u00fcrbin g\u00f6vdesi ve 0.83ar Garrett egzoz muhafazas\u0131, t\u00fcm G35-900 ve G35-1050 turbo\u015farjlar ve SuperCore&#8217;lar i\u00e7in uygundur. T\u00fcrbin muhafazas\u0131 giri\u015f flan\u015f\u0131: T3 T\u00fcrbin muhafazas\u0131 \u00e7\u0131k\u0131\u015f\u0131: V-Band A\/R de\u011feri:<\/p>\n","protected":false},"featured_media":7365,"template":"","meta":{"_acf_changed":false},"product_brand":[],"product_cat":[369],"product_tag":[],"class_list":{"0":"post-7425","1":"product","2":"type-product","3":"status-publish","4":"has-post-thumbnail","6":"product_cat-g-serisi","8":"first","9":"outofstock","10":"taxable","11":"shipping-taxable","12":"purchasable","13":"product-type-simple"},"acf":[],"yoast_head":"<!-- This site is optimized with the Yoast SEO plugin v27.3 - https:\/\/yoast.com\/product\/yoast-seo-wordpress\/ -->\n<title>Garrett \u00ae Kit Turbine Housing_Gseries G35_0.83 A\/R T3 - Marka Motors<\/title>\n<meta name=\"robots\" content=\"index, follow, max-snippet:-1, max-image-preview:large, max-video-preview:-1\" \/>\n<link rel=\"canonical\" href=\"https:\/\/markasite.com.tr\/markamotors\/urun\/garrett-kit-turbine-housing_gseries-g35_0-83-a-r-t3\/\" \/>\n<meta property=\"og:locale\" content=\"tr_TR\" \/>\n<meta property=\"og:type\" content=\"article\" \/>\n<meta property=\"og:title\" content=\"Garrett \u00ae Kit Turbine Housing_Gseries G35_0.83 A\/R T3 - Marka Motors\" \/>\n<meta property=\"og:description\" content=\"Garrett G35 egzoz muhafazas\u0131 0.83 A\/R T3 giri\u015fli ve V-Band \u00e7\u0131k\u0131\u015fl\u0131 G35-900 \/ G35-1050 i\u00e7in egzoz muhafazas\u0131 T3 Singlescroll turbo flan\u015f\u0131 ve VBand egzoz borusu flan\u015f\u0131 ile G35 t\u00fcrbin g\u00f6vdesi ve 0.83ar Garrett egzoz muhafazas\u0131, t\u00fcm G35-900 ve G35-1050 turbo\u015farjlar ve SuperCore&#8217;lar i\u00e7in uygundur. T\u00fcrbin muhafazas\u0131 giri\u015f flan\u015f\u0131: T3 T\u00fcrbin muhafazas\u0131 \u00e7\u0131k\u0131\u015f\u0131: V-Band A\/R de\u011feri:\" \/>\n<meta property=\"og:url\" content=\"https:\/\/markasite.com.tr\/markamotors\/urun\/garrett-kit-turbine-housing_gseries-g35_0-83-a-r-t3\/\" \/>\n<meta property=\"og:site_name\" content=\"Marka Motors\" \/>\n<meta property=\"article:publisher\" content=\"https:\/\/www.facebook.com\/?locale=tr_TR\" \/>\n<meta property=\"article:modified_time\" content=\"2026-03-09T22:52:58+00:00\" \/>\n<meta name=\"twitter:card\" content=\"summary_large_image\" \/>\n<meta name=\"twitter:label1\" content=\"Tahmini okuma s\u00fcresi\" \/>\n\t<meta name=\"twitter:data1\" content=\"1 dakika\" \/>\n<script type=\"application\/ld+json\" class=\"yoast-schema-graph\">{\"@context\":\"https:\\\/\\\/schema.org\",\"@graph\":[{\"@type\":\"WebPage\",\"@id\":\"https:\\\/\\\/markasite.com.tr\\\/markamotors\\\/urun\\\/garrett-kit-turbine-housing_gseries-g35_0-83-a-r-t3\\\/\",\"url\":\"https:\\\/\\\/markasite.com.tr\\\/markamotors\\\/urun\\\/garrett-kit-turbine-housing_gseries-g35_0-83-a-r-t3\\\/\",\"name\":\"Garrett \u00ae Kit Turbine Housing_Gseries G35_0.83 A\\\/R T3 - Marka Motors\",\"isPartOf\":{\"@id\":\"https:\\\/\\\/markasite.com.tr\\\/markamotors\\\/#website\"},\"primaryImageOfPage\":{\"@id\":\"https:\\\/\\\/markasite.com.tr\\\/markamotors\\\/urun\\\/garrett-kit-turbine-housing_gseries-g35_0-83-a-r-t3\\\/#primaryimage\"},\"image\":{\"@id\":\"https:\\\/\\\/markasite.com.tr\\\/markamotors\\\/urun\\\/garrett-kit-turbine-housing_gseries-g35_0-83-a-r-t3\\\/#primaryimage\"},\"thumbnailUrl\":\"https:\\\/\\\/markasite.com.tr\\\/markamotors\\\/wp-content\\\/uploads\\\/740902-0106.jpg\",\"datePublished\":\"2026-03-06T08:57:26+00:00\",\"dateModified\":\"2026-03-09T22:52:58+00:00\",\"breadcrumb\":{\"@id\":\"https:\\\/\\\/markasite.com.tr\\\/markamotors\\\/urun\\\/garrett-kit-turbine-housing_gseries-g35_0-83-a-r-t3\\\/#breadcrumb\"},\"inLanguage\":\"tr\",\"potentialAction\":[{\"@type\":\"ReadAction\",\"target\":[\"https:\\\/\\\/markasite.com.tr\\\/markamotors\\\/urun\\\/garrett-kit-turbine-housing_gseries-g35_0-83-a-r-t3\\\/\"]}]},{\"@type\":\"ImageObject\",\"inLanguage\":\"tr\",\"@id\":\"https:\\\/\\\/markasite.com.tr\\\/markamotors\\\/urun\\\/garrett-kit-turbine-housing_gseries-g35_0-83-a-r-t3\\\/#primaryimage\",\"url\":\"https:\\\/\\\/markasite.com.tr\\\/markamotors\\\/wp-content\\\/uploads\\\/740902-0106.jpg\",\"contentUrl\":\"https:\\\/\\\/markasite.com.tr\\\/markamotors\\\/wp-content\\\/uploads\\\/740902-0106.jpg\",\"width\":1600,\"height\":1600},{\"@type\":\"BreadcrumbList\",\"@id\":\"https:\\\/\\\/markasite.com.tr\\\/markamotors\\\/urun\\\/garrett-kit-turbine-housing_gseries-g35_0-83-a-r-t3\\\/#breadcrumb\",\"itemListElement\":[{\"@type\":\"ListItem\",\"position\":1,\"name\":\"Anasayfa\",\"item\":\"https:\\\/\\\/markasite.com.tr\\\/markamotors\\\/\"},{\"@type\":\"ListItem\",\"position\":2,\"name\":\"Garrett \u00ae Kit Turbine Housing_Gseries G35_0.83 A\\\/R T3\"}]},{\"@type\":\"WebSite\",\"@id\":\"https:\\\/\\\/markasite.com.tr\\\/markamotors\\\/#website\",\"url\":\"https:\\\/\\\/markasite.com.tr\\\/markamotors\\\/\",\"name\":\"Marka Motors\",\"description\":\"\",\"publisher\":{\"@id\":\"https:\\\/\\\/markasite.com.tr\\\/markamotors\\\/#organization\"},\"potentialAction\":[{\"@type\":\"SearchAction\",\"target\":{\"@type\":\"EntryPoint\",\"urlTemplate\":\"https:\\\/\\\/markasite.com.tr\\\/markamotors\\\/?s={search_term_string}\"},\"query-input\":{\"@type\":\"PropertyValueSpecification\",\"valueRequired\":true,\"valueName\":\"search_term_string\"}}],\"inLanguage\":\"tr\"},{\"@type\":\"Organization\",\"@id\":\"https:\\\/\\\/markasite.com.tr\\\/markamotors\\\/#organization\",\"name\":\"Marka Motors\",\"url\":\"https:\\\/\\\/markasite.com.tr\\\/markamotors\\\/\",\"logo\":{\"@type\":\"ImageObject\",\"inLanguage\":\"tr\",\"@id\":\"https:\\\/\\\/markasite.com.tr\\\/markamotors\\\/#\\\/schema\\\/logo\\\/image\\\/\",\"url\":\"https:\\\/\\\/markasite.com.tr\\\/markamotors\\\/wp-content\\\/uploads\\\/footerMarkaMotors.png\",\"contentUrl\":\"https:\\\/\\\/markasite.com.tr\\\/markamotors\\\/wp-content\\\/uploads\\\/footerMarkaMotors.png\",\"width\":215,\"height\":58,\"caption\":\"Marka Motors\"},\"image\":{\"@id\":\"https:\\\/\\\/markasite.com.tr\\\/markamotors\\\/#\\\/schema\\\/logo\\\/image\\\/\"},\"sameAs\":[\"https:\\\/\\\/www.facebook.com\\\/?locale=tr_TR\"]}]}<\/script>\n<!-- \/ Yoast SEO plugin. -->","yoast_head_json":{"title":"Garrett \u00ae Kit Turbine Housing_Gseries G35_0.83 A\/R T3 - Marka Motors","robots":{"index":"index","follow":"follow","max-snippet":"max-snippet:-1","max-image-preview":"max-image-preview:large","max-video-preview":"max-video-preview:-1"},"canonical":"https:\/\/markasite.com.tr\/markamotors\/urun\/garrett-kit-turbine-housing_gseries-g35_0-83-a-r-t3\/","og_locale":"tr_TR","og_type":"article","og_title":"Garrett \u00ae Kit Turbine Housing_Gseries G35_0.83 A\/R T3 - Marka Motors","og_description":"Garrett G35 egzoz muhafazas\u0131 0.83 A\/R T3 giri\u015fli ve V-Band \u00e7\u0131k\u0131\u015fl\u0131 G35-900 \/ G35-1050 i\u00e7in egzoz muhafazas\u0131 T3 Singlescroll turbo flan\u015f\u0131 ve VBand egzoz borusu flan\u015f\u0131 ile G35 t\u00fcrbin g\u00f6vdesi ve 0.83ar Garrett egzoz muhafazas\u0131, t\u00fcm G35-900 ve G35-1050 turbo\u015farjlar ve SuperCore&#8217;lar i\u00e7in uygundur. T\u00fcrbin muhafazas\u0131 giri\u015f flan\u015f\u0131: T3 T\u00fcrbin muhafazas\u0131 \u00e7\u0131k\u0131\u015f\u0131: V-Band A\/R de\u011feri:","og_url":"https:\/\/markasite.com.tr\/markamotors\/urun\/garrett-kit-turbine-housing_gseries-g35_0-83-a-r-t3\/","og_site_name":"Marka Motors","article_publisher":"https:\/\/www.facebook.com\/?locale=tr_TR","article_modified_time":"2026-03-09T22:52:58+00:00","twitter_card":"summary_large_image","twitter_misc":{"Tahmini okuma s\u00fcresi":"1 dakika"},"schema":{"@context":"https:\/\/schema.org","@graph":[{"@type":"WebPage","@id":"https:\/\/markasite.com.tr\/markamotors\/urun\/garrett-kit-turbine-housing_gseries-g35_0-83-a-r-t3\/","url":"https:\/\/markasite.com.tr\/markamotors\/urun\/garrett-kit-turbine-housing_gseries-g35_0-83-a-r-t3\/","name":"Garrett \u00ae Kit Turbine Housing_Gseries G35_0.83 A\/R T3 - Marka Motors","isPartOf":{"@id":"https:\/\/markasite.com.tr\/markamotors\/#website"},"primaryImageOfPage":{"@id":"https:\/\/markasite.com.tr\/markamotors\/urun\/garrett-kit-turbine-housing_gseries-g35_0-83-a-r-t3\/#primaryimage"},"image":{"@id":"https:\/\/markasite.com.tr\/markamotors\/urun\/garrett-kit-turbine-housing_gseries-g35_0-83-a-r-t3\/#primaryimage"},"thumbnailUrl":"https:\/\/markasite.com.tr\/markamotors\/wp-content\/uploads\/740902-0106.jpg","datePublished":"2026-03-06T08:57:26+00:00","dateModified":"2026-03-09T22:52:58+00:00","breadcrumb":{"@id":"https:\/\/markasite.com.tr\/markamotors\/urun\/garrett-kit-turbine-housing_gseries-g35_0-83-a-r-t3\/#breadcrumb"},"inLanguage":"tr","potentialAction":[{"@type":"ReadAction","target":["https:\/\/markasite.com.tr\/markamotors\/urun\/garrett-kit-turbine-housing_gseries-g35_0-83-a-r-t3\/"]}]},{"@type":"ImageObject","inLanguage":"tr","@id":"https:\/\/markasite.com.tr\/markamotors\/urun\/garrett-kit-turbine-housing_gseries-g35_0-83-a-r-t3\/#primaryimage","url":"https:\/\/markasite.com.tr\/markamotors\/wp-content\/uploads\/740902-0106.jpg","contentUrl":"https:\/\/markasite.com.tr\/markamotors\/wp-content\/uploads\/740902-0106.jpg","width":1600,"height":1600},{"@type":"BreadcrumbList","@id":"https:\/\/markasite.com.tr\/markamotors\/urun\/garrett-kit-turbine-housing_gseries-g35_0-83-a-r-t3\/#breadcrumb","itemListElement":[{"@type":"ListItem","position":1,"name":"Anasayfa","item":"https:\/\/markasite.com.tr\/markamotors\/"},{"@type":"ListItem","position":2,"name":"Garrett \u00ae Kit Turbine Housing_Gseries G35_0.83 A\/R T3"}]},{"@type":"WebSite","@id":"https:\/\/markasite.com.tr\/markamotors\/#website","url":"https:\/\/markasite.com.tr\/markamotors\/","name":"Marka Motors","description":"","publisher":{"@id":"https:\/\/markasite.com.tr\/markamotors\/#organization"},"potentialAction":[{"@type":"SearchAction","target":{"@type":"EntryPoint","urlTemplate":"https:\/\/markasite.com.tr\/markamotors\/?s={search_term_string}"},"query-input":{"@type":"PropertyValueSpecification","valueRequired":true,"valueName":"search_term_string"}}],"inLanguage":"tr"},{"@type":"Organization","@id":"https:\/\/markasite.com.tr\/markamotors\/#organization","name":"Marka Motors","url":"https:\/\/markasite.com.tr\/markamotors\/","logo":{"@type":"ImageObject","inLanguage":"tr","@id":"https:\/\/markasite.com.tr\/markamotors\/#\/schema\/logo\/image\/","url":"https:\/\/markasite.com.tr\/markamotors\/wp-content\/uploads\/footerMarkaMotors.png","contentUrl":"https:\/\/markasite.com.tr\/markamotors\/wp-content\/uploads\/footerMarkaMotors.png","width":215,"height":58,"caption":"Marka Motors"},"image":{"@id":"https:\/\/markasite.com.tr\/markamotors\/#\/schema\/logo\/image\/"},"sameAs":["https:\/\/www.facebook.com\/?locale=tr_TR"]}]}},"_links":{"self":[{"href":"https:\/\/markasite.com.tr\/markamotors\/wp-json\/wp\/v2\/product\/7425","targetHints":{"allow":["GET"]}}],"collection":[{"href":"https:\/\/markasite.com.tr\/markamotors\/wp-json\/wp\/v2\/product"}],"about":[{"href":"https:\/\/markasite.com.tr\/markamotors\/wp-json\/wp\/v2\/types\/product"}],"wp:featuredmedia":[{"embeddable":true,"href":"https:\/\/markasite.com.tr\/markamotors\/wp-json\/wp\/v2\/media\/7365"}],"wp:attachment":[{"href":"https:\/\/markasite.com.tr\/markamotors\/wp-json\/wp\/v2\/media?parent=7425"}],"wp:term":[{"taxonomy":"product_brand","embeddable":true,"href":"https:\/\/markasite.com.tr\/markamotors\/wp-json\/wp\/v2\/product_brand?post=7425"},{"taxonomy":"product_cat","embeddable":true,"href":"https:\/\/markasite.com.tr\/markamotors\/wp-json\/wp\/v2\/product_cat?post=7425"},{"taxonomy":"product_tag","embeddable":true,"href":"https:\/\/markasite.com.tr\/markamotors\/wp-json\/wp\/v2\/product_tag?post=7425"}],"curies":[{"name":"wp","href":"https:\/\/api.w.org\/{rel}","templated":true}]}}