{"id":6925,"date":"2026-02-23T00:35:59","date_gmt":"2026-02-22T21:35:59","guid":{"rendered":"https:\/\/markasite.com.tr\/markamotors\/urun\/eboost3-3-bar-60mm-black\/"},"modified":"2026-04-04T12:59:50","modified_gmt":"2026-04-04T09:59:50","slug":"eboost3-3-bar-60mm-black","status":"publish","type":"product","link":"https:\/\/markasite.com.tr\/markamotors\/urun\/eboost3-3-bar-60mm-black\/","title":{"rendered":"<div class=\"product-loop-meta\"><div class=\"loop-cat\">Boost Kontrol\u00fc<\/div><div class=\"brand\"><img alt=\"TURBOSMART\" src=\"https:\/\/markasite.com.tr\/markamotors\/wp-content\/uploads\/TURBOSMART.jpg\"><\/div><\/div><div class=\"list-pro-title\">Eboost3 3 Bar 60Mm Black<\/div>"},"content":{"rendered":"<p>Turbo\u015farjl\u0131 sisteminizin kontrol\u00fcn\u00fc tamamen elinize al\u0131n; eBoost3, takviye y\u00f6netimi teknolojisindeki en son evrimdir.<\/p>\n<p>Efsanevi eBoost2 performans\u0131n\u0131 temel alan eBoost3, hassas kontrol, g\u00fc\u00e7l\u00fc \u00f6zellikler ve son teknoloji bir aray\u00fcz sunarak hem cadde hem de yar\u0131\u015f uygulamalar\u0131 i\u00e7in ideal \u00e7\u00f6z\u00fcm haline geliyor. Y\u00fcksek \u00e7\u00f6z\u00fcn\u00fcrl\u00fckl\u00fc tam renkli LCD ekranl\u0131 ve an\u0131nda ayarlamalar i\u00e7in d\u00f6ner t\u0131klama \u00e7er\u00e7eveli, i\u015flenmi\u015f al\u00fcminyum g\u00f6sterge g\u00f6vdesine sahip eBoost3, turbo\u015farj sisteminiz \u00fczerinde neredeyse s\u0131n\u0131rs\u0131z kontrol imkan\u0131 sunuyor. \u0130ster tek ister \u00e7ift solenoid, CO\u2082 sistemleri veya elektronik at\u0131k gaz valfleri kullan\u0131yor olun, eBoost3 her t\u00fcrl\u00fc kuruluma uyum sa\u011flar ve kontrol\u00fc elinizde tutman\u0131z\u0131 sa\u011flar.<\/p>\n<p>Standart olarak 3 bar&#8217;l\u0131k dahili takviye \u00e7al\u0131\u015fma bas\u0131nc\u0131yla (gerekti\u011finde daha y\u00fcksek takviye MAP sens\u00f6rleri birlikte verilen kablo demetine ba\u011flanabilir) gelen eBoost3, piyasa lideri \u00f6zelliklere ve son teknoloji yaz\u0131l\u0131ma sahip eksiksiz bir Takviye Y\u00f6netim Sistemidir; turbo\u015farjl\u0131 ara\u00e7 sahiplerinin mutlaka sahip olmas\u0131 gereken bir aksesuard\u0131r! Kullan\u0131m\u0131 kolay, ancak sofistike ve teknolojik olarak geli\u015fmi\u015f olan eBoost3, hem g\u00fcnl\u00fck kullan\u0131m ara\u00e7lar\u0131nda hem de \u00fcst d\u00fczey yar\u0131\u015f otomobillerinde ayn\u0131 derecede ba\u015far\u0131l\u0131d\u0131r.<\/p>\n","protected":false},"excerpt":{"rendered":"<p>Turbo\u015farjl\u0131 sisteminizin kontrol\u00fcn\u00fc tamamen elinize al\u0131n; eBoost3, takviye y\u00f6netimi teknolojisindeki en son evrimdir. Efsanevi eBoost2 performans\u0131n\u0131 temel alan eBoost3, hassas kontrol, g\u00fc\u00e7l\u00fc \u00f6zellikler ve son teknoloji bir aray\u00fcz sunarak hem cadde hem de yar\u0131\u015f uygulamalar\u0131 i\u00e7in ideal \u00e7\u00f6z\u00fcm haline geliyor. Y\u00fcksek \u00e7\u00f6z\u00fcn\u00fcrl\u00fckl\u00fc tam renkli LCD ekranl\u0131 ve an\u0131nda ayarlamalar i\u00e7in d\u00f6ner t\u0131klama \u00e7er\u00e7eveli, i\u015flenmi\u015f al\u00fcminyum<\/p>\n","protected":false},"featured_media":6820,"template":"","meta":{"_acf_changed":false},"product_brand":[337],"product_cat":[983],"product_tag":[],"class_list":{"0":"post-6925","1":"product","2":"type-product","3":"status-publish","4":"has-post-thumbnail","6":"product_brand-turbosmart","7":"product_cat-boost-kontrolu-elektronik-universal-urunler","9":"first","10":"instock","11":"taxable","12":"shipping-taxable","13":"purchasable","14":"product-type-simple"},"acf":[],"yoast_head":"<!-- This site is optimized with the Yoast SEO plugin v27.3 - https:\/\/yoast.com\/product\/yoast-seo-wordpress\/ -->\n<title>eBoost3 3 bar 60mm Black - Marka Motors<\/title>\n<meta name=\"robots\" content=\"index, follow, max-snippet:-1, max-image-preview:large, max-video-preview:-1\" \/>\n<link rel=\"canonical\" href=\"https:\/\/markasite.com.tr\/markamotors\/urun\/eboost3-3-bar-60mm-black\/\" \/>\n<meta property=\"og:locale\" content=\"tr_TR\" \/>\n<meta property=\"og:type\" content=\"article\" \/>\n<meta property=\"og:title\" content=\"eBoost3 3 bar 60mm Black - Marka Motors\" \/>\n<meta property=\"og:description\" content=\"Turbo\u015farjl\u0131 sisteminizin kontrol\u00fcn\u00fc tamamen elinize al\u0131n; eBoost3, takviye y\u00f6netimi teknolojisindeki en son evrimdir. Efsanevi eBoost2 performans\u0131n\u0131 temel alan eBoost3, hassas kontrol, g\u00fc\u00e7l\u00fc \u00f6zellikler ve son teknoloji bir aray\u00fcz sunarak hem cadde hem de yar\u0131\u015f uygulamalar\u0131 i\u00e7in ideal \u00e7\u00f6z\u00fcm haline geliyor. Y\u00fcksek \u00e7\u00f6z\u00fcn\u00fcrl\u00fckl\u00fc tam renkli LCD ekranl\u0131 ve an\u0131nda ayarlamalar i\u00e7in d\u00f6ner t\u0131klama \u00e7er\u00e7eveli, i\u015flenmi\u015f al\u00fcminyum\" \/>\n<meta property=\"og:url\" content=\"https:\/\/markasite.com.tr\/markamotors\/urun\/eboost3-3-bar-60mm-black\/\" \/>\n<meta property=\"og:site_name\" content=\"Marka Motors\" \/>\n<meta property=\"article:publisher\" content=\"https:\/\/www.facebook.com\/?locale=tr_TR\" \/>\n<meta property=\"article:modified_time\" content=\"2026-04-04T09:59:50+00:00\" \/>\n<meta property=\"og:image\" content=\"https:\/\/markasite.com.tr\/markamotors\/wp-content\/uploads\/TS-0311-1002.jpg\" \/>\n\t<meta property=\"og:image:width\" content=\"600\" \/>\n\t<meta property=\"og:image:height\" content=\"450\" \/>\n\t<meta property=\"og:image:type\" content=\"image\/jpeg\" \/>\n<meta name=\"twitter:card\" content=\"summary_large_image\" \/>\n<meta name=\"twitter:label1\" content=\"Tahmini okuma s\u00fcresi\" \/>\n\t<meta name=\"twitter:data1\" content=\"2 dakika\" \/>\n<script type=\"application\/ld+json\" class=\"yoast-schema-graph\">{\"@context\":\"https:\\\/\\\/schema.org\",\"@graph\":[{\"@type\":\"WebPage\",\"@id\":\"https:\\\/\\\/markasite.com.tr\\\/markamotors\\\/urun\\\/eboost3-3-bar-60mm-black\\\/\",\"url\":\"https:\\\/\\\/markasite.com.tr\\\/markamotors\\\/urun\\\/eboost3-3-bar-60mm-black\\\/\",\"name\":\"eBoost3 3 bar 60mm Black - Marka Motors\",\"isPartOf\":{\"@id\":\"https:\\\/\\\/markasite.com.tr\\\/markamotors\\\/#website\"},\"primaryImageOfPage\":{\"@id\":\"https:\\\/\\\/markasite.com.tr\\\/markamotors\\\/urun\\\/eboost3-3-bar-60mm-black\\\/#primaryimage\"},\"image\":{\"@id\":\"https:\\\/\\\/markasite.com.tr\\\/markamotors\\\/urun\\\/eboost3-3-bar-60mm-black\\\/#primaryimage\"},\"thumbnailUrl\":\"https:\\\/\\\/markasite.com.tr\\\/markamotors\\\/wp-content\\\/uploads\\\/TS-0311-1002.jpg\",\"datePublished\":\"2026-02-22T21:35:59+00:00\",\"dateModified\":\"2026-04-04T09:59:50+00:00\",\"breadcrumb\":{\"@id\":\"https:\\\/\\\/markasite.com.tr\\\/markamotors\\\/urun\\\/eboost3-3-bar-60mm-black\\\/#breadcrumb\"},\"inLanguage\":\"tr\",\"potentialAction\":[{\"@type\":\"ReadAction\",\"target\":[\"https:\\\/\\\/markasite.com.tr\\\/markamotors\\\/urun\\\/eboost3-3-bar-60mm-black\\\/\"]}]},{\"@type\":\"ImageObject\",\"inLanguage\":\"tr\",\"@id\":\"https:\\\/\\\/markasite.com.tr\\\/markamotors\\\/urun\\\/eboost3-3-bar-60mm-black\\\/#primaryimage\",\"url\":\"https:\\\/\\\/markasite.com.tr\\\/markamotors\\\/wp-content\\\/uploads\\\/TS-0311-1002.jpg\",\"contentUrl\":\"https:\\\/\\\/markasite.com.tr\\\/markamotors\\\/wp-content\\\/uploads\\\/TS-0311-1002.jpg\",\"width\":600,\"height\":450},{\"@type\":\"BreadcrumbList\",\"@id\":\"https:\\\/\\\/markasite.com.tr\\\/markamotors\\\/urun\\\/eboost3-3-bar-60mm-black\\\/#breadcrumb\",\"itemListElement\":[{\"@type\":\"ListItem\",\"position\":1,\"name\":\"Anasayfa\",\"item\":\"https:\\\/\\\/markasite.com.tr\\\/markamotors\\\/\"},{\"@type\":\"ListItem\",\"position\":2,\"name\":\"eBoost3 3 bar 60mm Black\"}]},{\"@type\":\"WebSite\",\"@id\":\"https:\\\/\\\/markasite.com.tr\\\/markamotors\\\/#website\",\"url\":\"https:\\\/\\\/markasite.com.tr\\\/markamotors\\\/\",\"name\":\"Marka Motors\",\"description\":\"\",\"publisher\":{\"@id\":\"https:\\\/\\\/markasite.com.tr\\\/markamotors\\\/#organization\"},\"potentialAction\":[{\"@type\":\"SearchAction\",\"target\":{\"@type\":\"EntryPoint\",\"urlTemplate\":\"https:\\\/\\\/markasite.com.tr\\\/markamotors\\\/?s={search_term_string}\"},\"query-input\":{\"@type\":\"PropertyValueSpecification\",\"valueRequired\":true,\"valueName\":\"search_term_string\"}}],\"inLanguage\":\"tr\"},{\"@type\":\"Organization\",\"@id\":\"https:\\\/\\\/markasite.com.tr\\\/markamotors\\\/#organization\",\"name\":\"Marka Motors\",\"url\":\"https:\\\/\\\/markasite.com.tr\\\/markamotors\\\/\",\"logo\":{\"@type\":\"ImageObject\",\"inLanguage\":\"tr\",\"@id\":\"https:\\\/\\\/markasite.com.tr\\\/markamotors\\\/#\\\/schema\\\/logo\\\/image\\\/\",\"url\":\"https:\\\/\\\/markasite.com.tr\\\/markamotors\\\/wp-content\\\/uploads\\\/footerMarkaMotors.png\",\"contentUrl\":\"https:\\\/\\\/markasite.com.tr\\\/markamotors\\\/wp-content\\\/uploads\\\/footerMarkaMotors.png\",\"width\":215,\"height\":58,\"caption\":\"Marka Motors\"},\"image\":{\"@id\":\"https:\\\/\\\/markasite.com.tr\\\/markamotors\\\/#\\\/schema\\\/logo\\\/image\\\/\"},\"sameAs\":[\"https:\\\/\\\/www.facebook.com\\\/?locale=tr_TR\"]}]}<\/script>\n<!-- \/ Yoast SEO plugin. -->","yoast_head_json":{"title":"eBoost3 3 bar 60mm Black - Marka Motors","robots":{"index":"index","follow":"follow","max-snippet":"max-snippet:-1","max-image-preview":"max-image-preview:large","max-video-preview":"max-video-preview:-1"},"canonical":"https:\/\/markasite.com.tr\/markamotors\/urun\/eboost3-3-bar-60mm-black\/","og_locale":"tr_TR","og_type":"article","og_title":"eBoost3 3 bar 60mm Black - Marka Motors","og_description":"Turbo\u015farjl\u0131 sisteminizin kontrol\u00fcn\u00fc tamamen elinize al\u0131n; eBoost3, takviye y\u00f6netimi teknolojisindeki en son evrimdir. Efsanevi eBoost2 performans\u0131n\u0131 temel alan eBoost3, hassas kontrol, g\u00fc\u00e7l\u00fc \u00f6zellikler ve son teknoloji bir aray\u00fcz sunarak hem cadde hem de yar\u0131\u015f uygulamalar\u0131 i\u00e7in ideal \u00e7\u00f6z\u00fcm haline geliyor. Y\u00fcksek \u00e7\u00f6z\u00fcn\u00fcrl\u00fckl\u00fc tam renkli LCD ekranl\u0131 ve an\u0131nda ayarlamalar i\u00e7in d\u00f6ner t\u0131klama \u00e7er\u00e7eveli, i\u015flenmi\u015f al\u00fcminyum","og_url":"https:\/\/markasite.com.tr\/markamotors\/urun\/eboost3-3-bar-60mm-black\/","og_site_name":"Marka Motors","article_publisher":"https:\/\/www.facebook.com\/?locale=tr_TR","article_modified_time":"2026-04-04T09:59:50+00:00","og_image":[{"width":600,"height":450,"url":"https:\/\/markasite.com.tr\/markamotors\/wp-content\/uploads\/TS-0311-1002.jpg","type":"image\/jpeg"}],"twitter_card":"summary_large_image","twitter_misc":{"Tahmini okuma s\u00fcresi":"2 dakika"},"schema":{"@context":"https:\/\/schema.org","@graph":[{"@type":"WebPage","@id":"https:\/\/markasite.com.tr\/markamotors\/urun\/eboost3-3-bar-60mm-black\/","url":"https:\/\/markasite.com.tr\/markamotors\/urun\/eboost3-3-bar-60mm-black\/","name":"eBoost3 3 bar 60mm Black - Marka Motors","isPartOf":{"@id":"https:\/\/markasite.com.tr\/markamotors\/#website"},"primaryImageOfPage":{"@id":"https:\/\/markasite.com.tr\/markamotors\/urun\/eboost3-3-bar-60mm-black\/#primaryimage"},"image":{"@id":"https:\/\/markasite.com.tr\/markamotors\/urun\/eboost3-3-bar-60mm-black\/#primaryimage"},"thumbnailUrl":"https:\/\/markasite.com.tr\/markamotors\/wp-content\/uploads\/TS-0311-1002.jpg","datePublished":"2026-02-22T21:35:59+00:00","dateModified":"2026-04-04T09:59:50+00:00","breadcrumb":{"@id":"https:\/\/markasite.com.tr\/markamotors\/urun\/eboost3-3-bar-60mm-black\/#breadcrumb"},"inLanguage":"tr","potentialAction":[{"@type":"ReadAction","target":["https:\/\/markasite.com.tr\/markamotors\/urun\/eboost3-3-bar-60mm-black\/"]}]},{"@type":"ImageObject","inLanguage":"tr","@id":"https:\/\/markasite.com.tr\/markamotors\/urun\/eboost3-3-bar-60mm-black\/#primaryimage","url":"https:\/\/markasite.com.tr\/markamotors\/wp-content\/uploads\/TS-0311-1002.jpg","contentUrl":"https:\/\/markasite.com.tr\/markamotors\/wp-content\/uploads\/TS-0311-1002.jpg","width":600,"height":450},{"@type":"BreadcrumbList","@id":"https:\/\/markasite.com.tr\/markamotors\/urun\/eboost3-3-bar-60mm-black\/#breadcrumb","itemListElement":[{"@type":"ListItem","position":1,"name":"Anasayfa","item":"https:\/\/markasite.com.tr\/markamotors\/"},{"@type":"ListItem","position":2,"name":"eBoost3 3 bar 60mm Black"}]},{"@type":"WebSite","@id":"https:\/\/markasite.com.tr\/markamotors\/#website","url":"https:\/\/markasite.com.tr\/markamotors\/","name":"Marka Motors","description":"","publisher":{"@id":"https:\/\/markasite.com.tr\/markamotors\/#organization"},"potentialAction":[{"@type":"SearchAction","target":{"@type":"EntryPoint","urlTemplate":"https:\/\/markasite.com.tr\/markamotors\/?s={search_term_string}"},"query-input":{"@type":"PropertyValueSpecification","valueRequired":true,"valueName":"search_term_string"}}],"inLanguage":"tr"},{"@type":"Organization","@id":"https:\/\/markasite.com.tr\/markamotors\/#organization","name":"Marka Motors","url":"https:\/\/markasite.com.tr\/markamotors\/","logo":{"@type":"ImageObject","inLanguage":"tr","@id":"https:\/\/markasite.com.tr\/markamotors\/#\/schema\/logo\/image\/","url":"https:\/\/markasite.com.tr\/markamotors\/wp-content\/uploads\/footerMarkaMotors.png","contentUrl":"https:\/\/markasite.com.tr\/markamotors\/wp-content\/uploads\/footerMarkaMotors.png","width":215,"height":58,"caption":"Marka Motors"},"image":{"@id":"https:\/\/markasite.com.tr\/markamotors\/#\/schema\/logo\/image\/"},"sameAs":["https:\/\/www.facebook.com\/?locale=tr_TR"]}]}},"_links":{"self":[{"href":"https:\/\/markasite.com.tr\/markamotors\/wp-json\/wp\/v2\/product\/6925","targetHints":{"allow":["GET"]}}],"collection":[{"href":"https:\/\/markasite.com.tr\/markamotors\/wp-json\/wp\/v2\/product"}],"about":[{"href":"https:\/\/markasite.com.tr\/markamotors\/wp-json\/wp\/v2\/types\/product"}],"wp:featuredmedia":[{"embeddable":true,"href":"https:\/\/markasite.com.tr\/markamotors\/wp-json\/wp\/v2\/media\/6820"}],"wp:attachment":[{"href":"https:\/\/markasite.com.tr\/markamotors\/wp-json\/wp\/v2\/media?parent=6925"}],"wp:term":[{"taxonomy":"product_brand","embeddable":true,"href":"https:\/\/markasite.com.tr\/markamotors\/wp-json\/wp\/v2\/product_brand?post=6925"},{"taxonomy":"product_cat","embeddable":true,"href":"https:\/\/markasite.com.tr\/markamotors\/wp-json\/wp\/v2\/product_cat?post=6925"},{"taxonomy":"product_tag","embeddable":true,"href":"https:\/\/markasite.com.tr\/markamotors\/wp-json\/wp\/v2\/product_tag?post=6925"}],"curies":[{"name":"wp","href":"https:\/\/api.w.org\/{rel}","templated":true}]}}