{"id":6923,"date":"2026-02-23T00:35:58","date_gmt":"2026-02-22T21:35:58","guid":{"rendered":"https:\/\/markasite.com.tr\/markamotors\/urun\/blackbox-electronic-wastegate-controller\/"},"modified":"2026-02-24T02:33:22","modified_gmt":"2026-02-23T23:33:22","slug":"blackbox-electronic-wastegate-controller","status":"publish","type":"product","link":"https:\/\/markasite.com.tr\/markamotors\/urun\/blackbox-electronic-wastegate-controller\/","title":{"rendered":"<div class=\"product-loop-meta\"><div class=\"loop-cat\">Boost Kontrol\u00fc<\/div><div class=\"brand\"><img alt=\"TURBOSMART\" src=\"https:\/\/markasite.com.tr\/markamotors\/wp-content\/uploads\/TURBOSMART.jpg\"><\/div><\/div><div class=\"list-pro-title\">Blackbox Electronic Wastegate Controller<\/div>"},"content":{"rendered":"<p>Turbosmart&#8217;\u0131n BlackBox&#8217;\u0131, \u00e7e\u015fitli fabrika, sat\u0131\u015f sonras\u0131 ve motor sporlar\u0131 ECU&#8217;lar\u0131yla uyumlu, \u00f6zel olarak tasarlanm\u0131\u015f bir elektronik at\u0131k gaz valfi kontrol \u00fcnitesidir. BlackBox, ak\u0131m taleplerine kar\u015f\u0131 koruma sa\u011flar ve temel ve daha geli\u015fmi\u015f takviye kontrol stratejilerinin valf konumuna d\u00f6n\u00fc\u015ft\u00fcr\u00fclmesini sa\u011flar. En \u00fcst d\u00fczey takviye kontrol\u00fc i\u00e7in tekli veya \u00e7iftli elektronik at\u0131k gaz valfi sistemlerinde kullan\u0131labilir.  <\/p>\n<p>BlackBox, Turbosmart elektronik harici at\u0131k gaz valfleri serisiyle (StraightGate50 dahil) ve CompGate40, HyperGate45, ProGate50 ve PowerGate60 elektronik at\u0131k gaz valfleri dahil olmak \u00fczere elektronik poppet tipi valflerimizle kullan\u0131lmak \u00fczere tasarlanm\u0131\u015f, \u00e7ift kanall\u0131, ak\u0131m kapasiteli bir H-k\u00f6pr\u00fc s\u00fcr\u00fcc\u00fcs\u00fcd\u00fcr. BlackBox, birden fazla stratejiye olanak tan\u0131r ve geleneksel boost kontrol solenoidlerinde kullan\u0131lan PWM (Darbe Geni\u015fli\u011fi Mod\u00fclasyonu) giri\u015flerini, 0-5V konum hedefini, CAN konum hedefini ve kontrol stratejisinin yerel olarak geli\u015ftirilebildi\u011fi daha geli\u015fmi\u015f ECU&#8217;lar i\u00e7in CAN veri yolu ge\u00e7ersiz k\u0131lma \u00f6zelli\u011fini kabul eder.  <\/p>\n<p>Blackbox, tam tarama yoluyla Elektronik Harici At\u0131k Gaz Valflerinin otomatik kalibrasyonunu sa\u011flar ve s\u0131cakl\u0131k sens\u00f6r\u00fc giri\u015flerini kullanarak a\u015f\u0131r\u0131 s\u0131cakl\u0131k g\u00fcvenlik \u00f6zelliklerini i\u00e7erir. Blackbox, basit kurulum ve do\u011fru takviye kontrol\u00fc i\u00e7in Turbosmart&#8217;\u0131n t\u00fcm Elektronik Tahrikli At\u0131k Gaz Valflerinin ak\u0131\u015f-kalk\u0131\u015f kalibrasyon verileriyle \u00f6nceden yap\u0131land\u0131r\u0131lm\u0131\u015ft\u0131r. Ayarlar, basit bir USB ba\u011flant\u0131s\u0131 ve PC tabanl\u0131 uygulama arac\u0131l\u0131\u011f\u0131yla yap\u0131labilir ve CAN tabanl\u0131 ge\u00e7ersiz k\u0131lma sistemi ile s\u0131n\u0131rs\u0131z kontrol stratejisi uygulanabilir; stratejiniz yaln\u0131zca ECU&#8217;nuzun kapasitesiyle s\u0131n\u0131rl\u0131d\u0131r.  <\/p>\n<p>\u00d6zellikler  <\/p>\n<p>\u00c7ift Kanall\u0131 Y\u00fcksek Ak\u0131m H-K\u00f6pr\u00fc \u00c7\u0131k\u0131\u015flar\u0131  <\/p>\n<p>2 x At\u0131k Gaz Valfi Konum Giri\u015fi (0-5v)  <\/p>\n<p>2 x At\u0131k Gaz Valfi S\u0131cakl\u0131k Giri\u015fi (0-5v)  <\/p>\n<p>2 x Frekans Giri\u015fi (Geli\u015fmi\u015f At\u0131k Gaz Valfi Konum Kodlay\u0131c\u0131)  <\/p>\n<p>PWM Hedef Konum Giri\u015fi   <\/p>\n<p>Analog 0-5v Konum Hedefi  <\/p>\n<p>CAN Bus Konum Talep Hedefi  <\/p>\n<p>CAN Bus Valf Alan\u0131 Hedefi  <\/p>\n<p>CAN Bus Programlanabilir PID Modu Se\u00e7ene\u011fi  <\/p>\n<p>T\u00fcm Turbosmart eGate&#8217;ler i\u00e7in Fabrika Y\u00fcklemeli PID Kalibrasyonu  <\/p>\n<p>Dahili A\u015f\u0131r\u0131 Ak\u0131m Korumas\u0131  <\/p>\n<p>Dahili A\u015f\u0131r\u0131 S\u0131cakl\u0131k Korumas\u0131  <\/p>\n<p>Otomatik Konum Kalibrasyonu  <\/p>\n<p>Eloksall\u0131 Al\u00fcminyum G\u00f6vde  <\/p>\n<p>34 Pinli S\u00fcper S\u0131zd\u0131rmaz Konnekt\u00f6r<\/p>\n","protected":false},"excerpt":{"rendered":"<p>Turbosmart&#8217;\u0131n BlackBox&#8217;\u0131, \u00e7e\u015fitli fabrika, sat\u0131\u015f sonras\u0131 ve motor sporlar\u0131 ECU&#8217;lar\u0131yla uyumlu, \u00f6zel olarak tasarlanm\u0131\u015f bir elektronik at\u0131k gaz valfi kontrol \u00fcnitesidir. BlackBox, ak\u0131m taleplerine kar\u015f\u0131 koruma sa\u011flar ve temel ve daha geli\u015fmi\u015f takviye kontrol stratejilerinin valf konumuna d\u00f6n\u00fc\u015ft\u00fcr\u00fclmesini sa\u011flar. En \u00fcst d\u00fczey takviye kontrol\u00fc i\u00e7in tekli veya \u00e7iftli elektronik at\u0131k gaz valfi sistemlerinde kullan\u0131labilir. BlackBox,<\/p>\n","protected":false},"featured_media":6822,"template":"","meta":{"_acf_changed":false},"product_brand":[337],"product_cat":[211],"product_tag":[],"class_list":{"0":"post-6923","1":"product","2":"type-product","3":"status-publish","4":"has-post-thumbnail","6":"product_brand-turbosmart","7":"product_cat-boost-kontrolu","9":"first","10":"instock","11":"taxable","12":"shipping-taxable","13":"purchasable","14":"product-type-simple"},"acf":[],"yoast_head":"<!-- This site is optimized with the Yoast SEO plugin v27.3 - https:\/\/yoast.com\/product\/yoast-seo-wordpress\/ -->\n<title>BlackBox Electronic Wastegate Controller - Marka Motors<\/title>\n<meta name=\"robots\" content=\"index, follow, max-snippet:-1, max-image-preview:large, max-video-preview:-1\" \/>\n<link rel=\"canonical\" href=\"https:\/\/markasite.com.tr\/markamotors\/urun\/blackbox-electronic-wastegate-controller\/\" \/>\n<meta property=\"og:locale\" content=\"tr_TR\" \/>\n<meta property=\"og:type\" content=\"article\" \/>\n<meta property=\"og:title\" content=\"BlackBox Electronic Wastegate Controller - Marka Motors\" \/>\n<meta property=\"og:description\" content=\"Turbosmart&#8217;\u0131n BlackBox&#8217;\u0131, \u00e7e\u015fitli fabrika, sat\u0131\u015f sonras\u0131 ve motor sporlar\u0131 ECU&#8217;lar\u0131yla uyumlu, \u00f6zel olarak tasarlanm\u0131\u015f bir elektronik at\u0131k gaz valfi kontrol \u00fcnitesidir. BlackBox, ak\u0131m taleplerine kar\u015f\u0131 koruma sa\u011flar ve temel ve daha geli\u015fmi\u015f takviye kontrol stratejilerinin valf konumuna d\u00f6n\u00fc\u015ft\u00fcr\u00fclmesini sa\u011flar. En \u00fcst d\u00fczey takviye kontrol\u00fc i\u00e7in tekli veya \u00e7iftli elektronik at\u0131k gaz valfi sistemlerinde kullan\u0131labilir. BlackBox,\" \/>\n<meta property=\"og:url\" content=\"https:\/\/markasite.com.tr\/markamotors\/urun\/blackbox-electronic-wastegate-controller\/\" \/>\n<meta property=\"og:site_name\" content=\"Marka Motors\" \/>\n<meta property=\"article:publisher\" content=\"https:\/\/www.facebook.com\/?locale=tr_TR\" \/>\n<meta property=\"article:modified_time\" content=\"2026-02-23T23:33:22+00:00\" \/>\n<meta property=\"og:image\" content=\"https:\/\/markasite.com.tr\/markamotors\/wp-content\/uploads\/TS-0305-1001.jpg\" \/>\n\t<meta property=\"og:image:width\" content=\"600\" \/>\n\t<meta property=\"og:image:height\" content=\"450\" \/>\n\t<meta property=\"og:image:type\" content=\"image\/jpeg\" \/>\n<meta name=\"twitter:card\" content=\"summary_large_image\" \/>\n<meta name=\"twitter:label1\" content=\"Tahmini okuma s\u00fcresi\" \/>\n\t<meta name=\"twitter:data1\" content=\"2 dakika\" \/>\n<script type=\"application\/ld+json\" class=\"yoast-schema-graph\">{\"@context\":\"https:\\\/\\\/schema.org\",\"@graph\":[{\"@type\":\"WebPage\",\"@id\":\"https:\\\/\\\/markasite.com.tr\\\/markamotors\\\/urun\\\/blackbox-electronic-wastegate-controller\\\/\",\"url\":\"https:\\\/\\\/markasite.com.tr\\\/markamotors\\\/urun\\\/blackbox-electronic-wastegate-controller\\\/\",\"name\":\"BlackBox Electronic Wastegate Controller - Marka Motors\",\"isPartOf\":{\"@id\":\"https:\\\/\\\/markasite.com.tr\\\/markamotors\\\/#website\"},\"primaryImageOfPage\":{\"@id\":\"https:\\\/\\\/markasite.com.tr\\\/markamotors\\\/urun\\\/blackbox-electronic-wastegate-controller\\\/#primaryimage\"},\"image\":{\"@id\":\"https:\\\/\\\/markasite.com.tr\\\/markamotors\\\/urun\\\/blackbox-electronic-wastegate-controller\\\/#primaryimage\"},\"thumbnailUrl\":\"https:\\\/\\\/markasite.com.tr\\\/markamotors\\\/wp-content\\\/uploads\\\/TS-0305-1001.jpg\",\"datePublished\":\"2026-02-22T21:35:58+00:00\",\"dateModified\":\"2026-02-23T23:33:22+00:00\",\"breadcrumb\":{\"@id\":\"https:\\\/\\\/markasite.com.tr\\\/markamotors\\\/urun\\\/blackbox-electronic-wastegate-controller\\\/#breadcrumb\"},\"inLanguage\":\"tr\",\"potentialAction\":[{\"@type\":\"ReadAction\",\"target\":[\"https:\\\/\\\/markasite.com.tr\\\/markamotors\\\/urun\\\/blackbox-electronic-wastegate-controller\\\/\"]}]},{\"@type\":\"ImageObject\",\"inLanguage\":\"tr\",\"@id\":\"https:\\\/\\\/markasite.com.tr\\\/markamotors\\\/urun\\\/blackbox-electronic-wastegate-controller\\\/#primaryimage\",\"url\":\"https:\\\/\\\/markasite.com.tr\\\/markamotors\\\/wp-content\\\/uploads\\\/TS-0305-1001.jpg\",\"contentUrl\":\"https:\\\/\\\/markasite.com.tr\\\/markamotors\\\/wp-content\\\/uploads\\\/TS-0305-1001.jpg\",\"width\":600,\"height\":450},{\"@type\":\"BreadcrumbList\",\"@id\":\"https:\\\/\\\/markasite.com.tr\\\/markamotors\\\/urun\\\/blackbox-electronic-wastegate-controller\\\/#breadcrumb\",\"itemListElement\":[{\"@type\":\"ListItem\",\"position\":1,\"name\":\"Anasayfa\",\"item\":\"https:\\\/\\\/markasite.com.tr\\\/markamotors\\\/\"},{\"@type\":\"ListItem\",\"position\":2,\"name\":\"BlackBox Electronic Wastegate Controller\"}]},{\"@type\":\"WebSite\",\"@id\":\"https:\\\/\\\/markasite.com.tr\\\/markamotors\\\/#website\",\"url\":\"https:\\\/\\\/markasite.com.tr\\\/markamotors\\\/\",\"name\":\"Marka Motors\",\"description\":\"\",\"publisher\":{\"@id\":\"https:\\\/\\\/markasite.com.tr\\\/markamotors\\\/#organization\"},\"potentialAction\":[{\"@type\":\"SearchAction\",\"target\":{\"@type\":\"EntryPoint\",\"urlTemplate\":\"https:\\\/\\\/markasite.com.tr\\\/markamotors\\\/?s={search_term_string}\"},\"query-input\":{\"@type\":\"PropertyValueSpecification\",\"valueRequired\":true,\"valueName\":\"search_term_string\"}}],\"inLanguage\":\"tr\"},{\"@type\":\"Organization\",\"@id\":\"https:\\\/\\\/markasite.com.tr\\\/markamotors\\\/#organization\",\"name\":\"Marka Motors\",\"url\":\"https:\\\/\\\/markasite.com.tr\\\/markamotors\\\/\",\"logo\":{\"@type\":\"ImageObject\",\"inLanguage\":\"tr\",\"@id\":\"https:\\\/\\\/markasite.com.tr\\\/markamotors\\\/#\\\/schema\\\/logo\\\/image\\\/\",\"url\":\"https:\\\/\\\/markasite.com.tr\\\/markamotors\\\/wp-content\\\/uploads\\\/footerMarkaMotors.png\",\"contentUrl\":\"https:\\\/\\\/markasite.com.tr\\\/markamotors\\\/wp-content\\\/uploads\\\/footerMarkaMotors.png\",\"width\":215,\"height\":58,\"caption\":\"Marka Motors\"},\"image\":{\"@id\":\"https:\\\/\\\/markasite.com.tr\\\/markamotors\\\/#\\\/schema\\\/logo\\\/image\\\/\"},\"sameAs\":[\"https:\\\/\\\/www.facebook.com\\\/?locale=tr_TR\"]}]}<\/script>\n<!-- \/ Yoast SEO plugin. -->","yoast_head_json":{"title":"BlackBox Electronic Wastegate Controller - Marka Motors","robots":{"index":"index","follow":"follow","max-snippet":"max-snippet:-1","max-image-preview":"max-image-preview:large","max-video-preview":"max-video-preview:-1"},"canonical":"https:\/\/markasite.com.tr\/markamotors\/urun\/blackbox-electronic-wastegate-controller\/","og_locale":"tr_TR","og_type":"article","og_title":"BlackBox Electronic Wastegate Controller - Marka Motors","og_description":"Turbosmart&#8217;\u0131n BlackBox&#8217;\u0131, \u00e7e\u015fitli fabrika, sat\u0131\u015f sonras\u0131 ve motor sporlar\u0131 ECU&#8217;lar\u0131yla uyumlu, \u00f6zel olarak tasarlanm\u0131\u015f bir elektronik at\u0131k gaz valfi kontrol \u00fcnitesidir. BlackBox, ak\u0131m taleplerine kar\u015f\u0131 koruma sa\u011flar ve temel ve daha geli\u015fmi\u015f takviye kontrol stratejilerinin valf konumuna d\u00f6n\u00fc\u015ft\u00fcr\u00fclmesini sa\u011flar. En \u00fcst d\u00fczey takviye kontrol\u00fc i\u00e7in tekli veya \u00e7iftli elektronik at\u0131k gaz valfi sistemlerinde kullan\u0131labilir. BlackBox,","og_url":"https:\/\/markasite.com.tr\/markamotors\/urun\/blackbox-electronic-wastegate-controller\/","og_site_name":"Marka Motors","article_publisher":"https:\/\/www.facebook.com\/?locale=tr_TR","article_modified_time":"2026-02-23T23:33:22+00:00","og_image":[{"width":600,"height":450,"url":"https:\/\/markasite.com.tr\/markamotors\/wp-content\/uploads\/TS-0305-1001.jpg","type":"image\/jpeg"}],"twitter_card":"summary_large_image","twitter_misc":{"Tahmini okuma s\u00fcresi":"2 dakika"},"schema":{"@context":"https:\/\/schema.org","@graph":[{"@type":"WebPage","@id":"https:\/\/markasite.com.tr\/markamotors\/urun\/blackbox-electronic-wastegate-controller\/","url":"https:\/\/markasite.com.tr\/markamotors\/urun\/blackbox-electronic-wastegate-controller\/","name":"BlackBox Electronic Wastegate Controller - Marka Motors","isPartOf":{"@id":"https:\/\/markasite.com.tr\/markamotors\/#website"},"primaryImageOfPage":{"@id":"https:\/\/markasite.com.tr\/markamotors\/urun\/blackbox-electronic-wastegate-controller\/#primaryimage"},"image":{"@id":"https:\/\/markasite.com.tr\/markamotors\/urun\/blackbox-electronic-wastegate-controller\/#primaryimage"},"thumbnailUrl":"https:\/\/markasite.com.tr\/markamotors\/wp-content\/uploads\/TS-0305-1001.jpg","datePublished":"2026-02-22T21:35:58+00:00","dateModified":"2026-02-23T23:33:22+00:00","breadcrumb":{"@id":"https:\/\/markasite.com.tr\/markamotors\/urun\/blackbox-electronic-wastegate-controller\/#breadcrumb"},"inLanguage":"tr","potentialAction":[{"@type":"ReadAction","target":["https:\/\/markasite.com.tr\/markamotors\/urun\/blackbox-electronic-wastegate-controller\/"]}]},{"@type":"ImageObject","inLanguage":"tr","@id":"https:\/\/markasite.com.tr\/markamotors\/urun\/blackbox-electronic-wastegate-controller\/#primaryimage","url":"https:\/\/markasite.com.tr\/markamotors\/wp-content\/uploads\/TS-0305-1001.jpg","contentUrl":"https:\/\/markasite.com.tr\/markamotors\/wp-content\/uploads\/TS-0305-1001.jpg","width":600,"height":450},{"@type":"BreadcrumbList","@id":"https:\/\/markasite.com.tr\/markamotors\/urun\/blackbox-electronic-wastegate-controller\/#breadcrumb","itemListElement":[{"@type":"ListItem","position":1,"name":"Anasayfa","item":"https:\/\/markasite.com.tr\/markamotors\/"},{"@type":"ListItem","position":2,"name":"BlackBox Electronic Wastegate Controller"}]},{"@type":"WebSite","@id":"https:\/\/markasite.com.tr\/markamotors\/#website","url":"https:\/\/markasite.com.tr\/markamotors\/","name":"Marka Motors","description":"","publisher":{"@id":"https:\/\/markasite.com.tr\/markamotors\/#organization"},"potentialAction":[{"@type":"SearchAction","target":{"@type":"EntryPoint","urlTemplate":"https:\/\/markasite.com.tr\/markamotors\/?s={search_term_string}"},"query-input":{"@type":"PropertyValueSpecification","valueRequired":true,"valueName":"search_term_string"}}],"inLanguage":"tr"},{"@type":"Organization","@id":"https:\/\/markasite.com.tr\/markamotors\/#organization","name":"Marka Motors","url":"https:\/\/markasite.com.tr\/markamotors\/","logo":{"@type":"ImageObject","inLanguage":"tr","@id":"https:\/\/markasite.com.tr\/markamotors\/#\/schema\/logo\/image\/","url":"https:\/\/markasite.com.tr\/markamotors\/wp-content\/uploads\/footerMarkaMotors.png","contentUrl":"https:\/\/markasite.com.tr\/markamotors\/wp-content\/uploads\/footerMarkaMotors.png","width":215,"height":58,"caption":"Marka Motors"},"image":{"@id":"https:\/\/markasite.com.tr\/markamotors\/#\/schema\/logo\/image\/"},"sameAs":["https:\/\/www.facebook.com\/?locale=tr_TR"]}]}},"_links":{"self":[{"href":"https:\/\/markasite.com.tr\/markamotors\/wp-json\/wp\/v2\/product\/6923","targetHints":{"allow":["GET"]}}],"collection":[{"href":"https:\/\/markasite.com.tr\/markamotors\/wp-json\/wp\/v2\/product"}],"about":[{"href":"https:\/\/markasite.com.tr\/markamotors\/wp-json\/wp\/v2\/types\/product"}],"wp:featuredmedia":[{"embeddable":true,"href":"https:\/\/markasite.com.tr\/markamotors\/wp-json\/wp\/v2\/media\/6822"}],"wp:attachment":[{"href":"https:\/\/markasite.com.tr\/markamotors\/wp-json\/wp\/v2\/media?parent=6923"}],"wp:term":[{"taxonomy":"product_brand","embeddable":true,"href":"https:\/\/markasite.com.tr\/markamotors\/wp-json\/wp\/v2\/product_brand?post=6923"},{"taxonomy":"product_cat","embeddable":true,"href":"https:\/\/markasite.com.tr\/markamotors\/wp-json\/wp\/v2\/product_cat?post=6923"},{"taxonomy":"product_tag","embeddable":true,"href":"https:\/\/markasite.com.tr\/markamotors\/wp-json\/wp\/v2\/product_tag?post=6923"}],"curies":[{"name":"wp","href":"https:\/\/api.w.org\/{rel}","templated":true}]}}