{"id":5673,"date":"2026-02-15T17:40:14","date_gmt":"2026-02-15T14:40:14","guid":{"rendered":"https:\/\/markasite.com.tr\/markamotors\/urun\/aem-30-2853-high-output-igbt-inductive-smart-coil-kit\/"},"modified":"2026-04-04T12:56:30","modified_gmt":"2026-04-04T09:56:30","slug":"aem-30-2853-high-output-igbt-inductive-smart-coil-kit","status":"publish","type":"product","link":"https:\/\/markasite.com.tr\/markamotors\/urun\/aem-30-2853-high-output-igbt-inductive-smart-coil-kit\/","title":{"rendered":"<div class=\"product-loop-meta\"><div class=\"loop-cat\">Ate\u015fleme Bobini<\/div><div class=\"brand\"><img alt=\"AEM\" src=\"https:\/\/markasite.com.tr\/markamotors\/wp-content\/uploads\/AEM.jpg\"><\/div><\/div><div class=\"list-pro-title\">Aem 30-2853 High Output Igbt Inductive &#8220;Smart&#8221; Coil Kit<\/div>"},"content":{"rendered":"<p>Y\u00fcksek RPM ve g\u00fc\u00e7l\u00fc ate\u015fleme ihtiyac\u0131 olan modern performans motorlar\u0131 i\u00e7in tasarlanan <strong>AEM 30-2853 High Output IGBT Inductive &#8220;Smart&#8221; Coil Kit<\/strong>, motorun her ko\u015fulda g\u00fcvenilir ve g\u00fc\u00e7l\u00fc bir k\u0131v\u0131lc\u0131m \u00fcretmesini sa\u011flar. 45.000 volt\u2019a kadar y\u00fcksek \u00e7\u0131k\u0131\u015f voltaj\u0131, \u00f6zellikle nitro, E85 veya y\u00fcksek s\u0131k\u0131\u015ft\u0131rmal\u0131 motorlarda optimum yanma i\u00e7in gereklidir.<\/p>\n<p>IGBT (Insulated Gate Bipolar Transistor) teknolojisi sayesinde, bobin daha h\u0131zl\u0131 tepki verir ve y\u00fcksek devirlerde bile k\u0131v\u0131lc\u0131m da\u011f\u0131l\u0131m\u0131n\u0131 minimize eder. End\u00fcktif yap\u0131, y\u00fcksek enerji transferini m\u00fcmk\u00fcn k\u0131larak motorun her silindiri i\u00e7in g\u00fc\u00e7l\u00fc ve tutarl\u0131 k\u0131v\u0131lc\u0131m sa\u011flar. Bu \u00f6zellik sayesinde motor performans\u0131 artar, yak\u0131t t\u00fcketimi optimize edilir ve motor \u00f6mr\u00fc uzar.<\/p>\n<p><strong>\u00d6ne \u00c7\u0131kan \u00d6zellikler:<\/strong><\/p>\n<p><strong>Y\u00fcksek \u00c7\u0131k\u0131\u015f Gerilimi:<\/strong> 45.000 volt\u2019a kadar y\u00fcksek k\u0131v\u0131lc\u0131m voltaj\u0131.<\/p>\n<p><strong>IGBT Teknolojisi:<\/strong> H\u0131zl\u0131 tepki s\u00fcresi ve y\u00fcksek devirlerde kararl\u0131 k\u0131v\u0131lc\u0131m.<\/p>\n<p><strong>End\u00fcktif Tasar\u0131m:<\/strong> G\u00fc\u00e7l\u00fc ve tutarl\u0131 enerji transferi.<\/p>\n<p><strong>Geni\u015f Uyumluluk:<\/strong> \u00c7o\u011fu aftermarket ECU ve ate\u015fleme sistemleriyle uyumlu.<\/p>\n<p><strong>Dayan\u0131kl\u0131 Yap\u0131:<\/strong> Titre\u015fim, \u0131s\u0131 ve elektriksel streslere kar\u015f\u0131 dayan\u0131kl\u0131 malzemelerden \u00fcretilmi\u015ftir.<\/p>\n<p><strong>Teknik \u00d6zellikler<\/strong><\/p>\n<p><strong>Model:<\/strong> AEM 30-2853<\/p>\n<p><strong>Tip:<\/strong> High Output IGBT Inductive Smart Coil Kit<\/p>\n<p><strong>\u00c7\u0131k\u0131\u015f Voltaj\u0131:<\/strong> 45.000 Volt<\/p>\n<p><strong>Teknoloji:<\/strong> IGBT (Insulated Gate Bipolar Transistor)<\/p>\n<p><strong>Uyumluluk:<\/strong> Universal \u2013 \u00e7o\u011fu ECU ve ate\u015fleme sistemiyle uyumlu<\/p>\n<p><strong>Silindir Say\u0131s\u0131:<\/strong> 4, 6, 8 silindirli motorlara uygun (silindir ba\u015f\u0131na bir bobin)<\/p>\n<p>&nbsp;<\/p>\n","protected":false},"excerpt":{"rendered":"<p>Y\u00fcksek RPM ve g\u00fc\u00e7l\u00fc ate\u015fleme ihtiyac\u0131 olan modern performans motorlar\u0131 i\u00e7in tasarlanan AEM 30-2853 High Output IGBT Inductive &#8220;Smart&#8221; Coil Kit, motorun her ko\u015fulda g\u00fcvenilir ve g\u00fc\u00e7l\u00fc bir k\u0131v\u0131lc\u0131m \u00fcretmesini sa\u011flar. 45.000 volt\u2019a kadar y\u00fcksek \u00e7\u0131k\u0131\u015f voltaj\u0131, \u00f6zellikle nitro, E85 veya y\u00fcksek s\u0131k\u0131\u015ft\u0131rmal\u0131 motorlarda optimum yanma i\u00e7in gereklidir. IGBT (Insulated Gate Bipolar Transistor) teknolojisi sayesinde,<\/p>\n","protected":false},"featured_media":5448,"template":"","meta":{"_acf_changed":false},"product_brand":[276],"product_cat":[200],"product_tag":[455],"class_list":{"0":"post-5673","1":"product","2":"type-product","3":"status-publish","4":"has-post-thumbnail","6":"product_brand-aem-electronics","7":"product_cat-atesleme-bobini","8":"product_tag-aem-30-2853-high-output-igbt-inductive-smart-coil-kit","10":"first","11":"outofstock","12":"taxable","13":"shipping-taxable","14":"purchasable","15":"product-type-simple"},"acf":[],"yoast_head":"<!-- This site is optimized with the Yoast SEO plugin v27.3 - https:\/\/yoast.com\/product\/yoast-seo-wordpress\/ -->\n<title>AEM 30-2853 High Output IGBT Inductive &quot;Smart&quot; Coil Kit - Marka Motors<\/title>\n<meta name=\"description\" content=\"AEM 30-2853 High Output IGBT Smart Coil Kit ile motorunuzun ate\u015fleme sistemini y\u00fckseltin. 45.000 volt \u00e7\u0131k\u0131\u015f, IGBT teknolojisi ve end\u00fcktif yap\u0131yla maksimum performans.\" \/>\n<meta name=\"robots\" content=\"index, follow, max-snippet:-1, max-image-preview:large, max-video-preview:-1\" \/>\n<link rel=\"canonical\" href=\"https:\/\/markasite.com.tr\/markamotors\/urun\/aem-30-2853-high-output-igbt-inductive-smart-coil-kit\/\" \/>\n<meta property=\"og:locale\" content=\"tr_TR\" \/>\n<meta property=\"og:type\" content=\"article\" \/>\n<meta property=\"og:title\" content=\"AEM 30-2853 High Output IGBT Inductive &quot;Smart&quot; Coil Kit - Marka Motors\" \/>\n<meta property=\"og:description\" content=\"AEM 30-2853 High Output IGBT Smart Coil Kit ile motorunuzun ate\u015fleme sistemini y\u00fckseltin. 45.000 volt \u00e7\u0131k\u0131\u015f, IGBT teknolojisi ve end\u00fcktif yap\u0131yla maksimum performans.\" \/>\n<meta property=\"og:url\" content=\"https:\/\/markasite.com.tr\/markamotors\/urun\/aem-30-2853-high-output-igbt-inductive-smart-coil-kit\/\" \/>\n<meta property=\"og:site_name\" content=\"Marka Motors\" \/>\n<meta property=\"article:publisher\" content=\"https:\/\/www.facebook.com\/?locale=tr_TR\" \/>\n<meta property=\"article:modified_time\" content=\"2026-04-04T09:56:30+00:00\" \/>\n<meta property=\"og:image\" content=\"https:\/\/markasite.com.tr\/markamotors\/wp-content\/uploads\/avm-30-2853_xl.jpg\" \/>\n\t<meta property=\"og:image:width\" content=\"1600\" \/>\n\t<meta property=\"og:image:height\" content=\"1324\" \/>\n\t<meta property=\"og:image:type\" content=\"image\/jpeg\" \/>\n<meta name=\"twitter:card\" content=\"summary_large_image\" \/>\n<meta name=\"twitter:label1\" content=\"Tahmini okuma s\u00fcresi\" \/>\n\t<meta name=\"twitter:data1\" content=\"2 dakika\" \/>\n<script type=\"application\/ld+json\" class=\"yoast-schema-graph\">{\"@context\":\"https:\\\/\\\/schema.org\",\"@graph\":[{\"@type\":\"WebPage\",\"@id\":\"https:\\\/\\\/markasite.com.tr\\\/markamotors\\\/urun\\\/aem-30-2853-high-output-igbt-inductive-smart-coil-kit\\\/\",\"url\":\"https:\\\/\\\/markasite.com.tr\\\/markamotors\\\/urun\\\/aem-30-2853-high-output-igbt-inductive-smart-coil-kit\\\/\",\"name\":\"AEM 30-2853 High Output IGBT Inductive \\\"Smart\\\" Coil Kit - Marka Motors\",\"isPartOf\":{\"@id\":\"https:\\\/\\\/markasite.com.tr\\\/markamotors\\\/#website\"},\"primaryImageOfPage\":{\"@id\":\"https:\\\/\\\/markasite.com.tr\\\/markamotors\\\/urun\\\/aem-30-2853-high-output-igbt-inductive-smart-coil-kit\\\/#primaryimage\"},\"image\":{\"@id\":\"https:\\\/\\\/markasite.com.tr\\\/markamotors\\\/urun\\\/aem-30-2853-high-output-igbt-inductive-smart-coil-kit\\\/#primaryimage\"},\"thumbnailUrl\":\"https:\\\/\\\/markasite.com.tr\\\/markamotors\\\/wp-content\\\/uploads\\\/avm-30-2853_xl.jpg\",\"datePublished\":\"2026-02-15T14:40:14+00:00\",\"dateModified\":\"2026-04-04T09:56:30+00:00\",\"description\":\"AEM 30-2853 High Output IGBT Smart Coil Kit ile motorunuzun ate\u015fleme sistemini y\u00fckseltin. 45.000 volt \u00e7\u0131k\u0131\u015f, IGBT teknolojisi ve end\u00fcktif yap\u0131yla maksimum performans.\",\"breadcrumb\":{\"@id\":\"https:\\\/\\\/markasite.com.tr\\\/markamotors\\\/urun\\\/aem-30-2853-high-output-igbt-inductive-smart-coil-kit\\\/#breadcrumb\"},\"inLanguage\":\"tr\",\"potentialAction\":[{\"@type\":\"ReadAction\",\"target\":[\"https:\\\/\\\/markasite.com.tr\\\/markamotors\\\/urun\\\/aem-30-2853-high-output-igbt-inductive-smart-coil-kit\\\/\"]}]},{\"@type\":\"ImageObject\",\"inLanguage\":\"tr\",\"@id\":\"https:\\\/\\\/markasite.com.tr\\\/markamotors\\\/urun\\\/aem-30-2853-high-output-igbt-inductive-smart-coil-kit\\\/#primaryimage\",\"url\":\"https:\\\/\\\/markasite.com.tr\\\/markamotors\\\/wp-content\\\/uploads\\\/avm-30-2853_xl.jpg\",\"contentUrl\":\"https:\\\/\\\/markasite.com.tr\\\/markamotors\\\/wp-content\\\/uploads\\\/avm-30-2853_xl.jpg\",\"width\":1600,\"height\":1324},{\"@type\":\"BreadcrumbList\",\"@id\":\"https:\\\/\\\/markasite.com.tr\\\/markamotors\\\/urun\\\/aem-30-2853-high-output-igbt-inductive-smart-coil-kit\\\/#breadcrumb\",\"itemListElement\":[{\"@type\":\"ListItem\",\"position\":1,\"name\":\"Anasayfa\",\"item\":\"https:\\\/\\\/markasite.com.tr\\\/markamotors\\\/\"},{\"@type\":\"ListItem\",\"position\":2,\"name\":\"AEM 30-2853 High Output IGBT Inductive &#8220;Smart&#8221; Coil Kit\"}]},{\"@type\":\"WebSite\",\"@id\":\"https:\\\/\\\/markasite.com.tr\\\/markamotors\\\/#website\",\"url\":\"https:\\\/\\\/markasite.com.tr\\\/markamotors\\\/\",\"name\":\"Marka Motors\",\"description\":\"\",\"publisher\":{\"@id\":\"https:\\\/\\\/markasite.com.tr\\\/markamotors\\\/#organization\"},\"potentialAction\":[{\"@type\":\"SearchAction\",\"target\":{\"@type\":\"EntryPoint\",\"urlTemplate\":\"https:\\\/\\\/markasite.com.tr\\\/markamotors\\\/?s={search_term_string}\"},\"query-input\":{\"@type\":\"PropertyValueSpecification\",\"valueRequired\":true,\"valueName\":\"search_term_string\"}}],\"inLanguage\":\"tr\"},{\"@type\":\"Organization\",\"@id\":\"https:\\\/\\\/markasite.com.tr\\\/markamotors\\\/#organization\",\"name\":\"Marka Motors\",\"url\":\"https:\\\/\\\/markasite.com.tr\\\/markamotors\\\/\",\"logo\":{\"@type\":\"ImageObject\",\"inLanguage\":\"tr\",\"@id\":\"https:\\\/\\\/markasite.com.tr\\\/markamotors\\\/#\\\/schema\\\/logo\\\/image\\\/\",\"url\":\"https:\\\/\\\/markasite.com.tr\\\/markamotors\\\/wp-content\\\/uploads\\\/footerMarkaMotors.png\",\"contentUrl\":\"https:\\\/\\\/markasite.com.tr\\\/markamotors\\\/wp-content\\\/uploads\\\/footerMarkaMotors.png\",\"width\":215,\"height\":58,\"caption\":\"Marka Motors\"},\"image\":{\"@id\":\"https:\\\/\\\/markasite.com.tr\\\/markamotors\\\/#\\\/schema\\\/logo\\\/image\\\/\"},\"sameAs\":[\"https:\\\/\\\/www.facebook.com\\\/?locale=tr_TR\"]}]}<\/script>\n<!-- \/ Yoast SEO plugin. -->","yoast_head_json":{"title":"AEM 30-2853 High Output IGBT Inductive \"Smart\" Coil Kit - Marka Motors","description":"AEM 30-2853 High Output IGBT Smart Coil Kit ile motorunuzun ate\u015fleme sistemini y\u00fckseltin. 45.000 volt \u00e7\u0131k\u0131\u015f, IGBT teknolojisi ve end\u00fcktif yap\u0131yla maksimum performans.","robots":{"index":"index","follow":"follow","max-snippet":"max-snippet:-1","max-image-preview":"max-image-preview:large","max-video-preview":"max-video-preview:-1"},"canonical":"https:\/\/markasite.com.tr\/markamotors\/urun\/aem-30-2853-high-output-igbt-inductive-smart-coil-kit\/","og_locale":"tr_TR","og_type":"article","og_title":"AEM 30-2853 High Output IGBT Inductive \"Smart\" Coil Kit - Marka Motors","og_description":"AEM 30-2853 High Output IGBT Smart Coil Kit ile motorunuzun ate\u015fleme sistemini y\u00fckseltin. 45.000 volt \u00e7\u0131k\u0131\u015f, IGBT teknolojisi ve end\u00fcktif yap\u0131yla maksimum performans.","og_url":"https:\/\/markasite.com.tr\/markamotors\/urun\/aem-30-2853-high-output-igbt-inductive-smart-coil-kit\/","og_site_name":"Marka Motors","article_publisher":"https:\/\/www.facebook.com\/?locale=tr_TR","article_modified_time":"2026-04-04T09:56:30+00:00","og_image":[{"width":1600,"height":1324,"url":"https:\/\/markasite.com.tr\/markamotors\/wp-content\/uploads\/avm-30-2853_xl.jpg","type":"image\/jpeg"}],"twitter_card":"summary_large_image","twitter_misc":{"Tahmini okuma s\u00fcresi":"2 dakika"},"schema":{"@context":"https:\/\/schema.org","@graph":[{"@type":"WebPage","@id":"https:\/\/markasite.com.tr\/markamotors\/urun\/aem-30-2853-high-output-igbt-inductive-smart-coil-kit\/","url":"https:\/\/markasite.com.tr\/markamotors\/urun\/aem-30-2853-high-output-igbt-inductive-smart-coil-kit\/","name":"AEM 30-2853 High Output IGBT Inductive \"Smart\" Coil Kit - Marka Motors","isPartOf":{"@id":"https:\/\/markasite.com.tr\/markamotors\/#website"},"primaryImageOfPage":{"@id":"https:\/\/markasite.com.tr\/markamotors\/urun\/aem-30-2853-high-output-igbt-inductive-smart-coil-kit\/#primaryimage"},"image":{"@id":"https:\/\/markasite.com.tr\/markamotors\/urun\/aem-30-2853-high-output-igbt-inductive-smart-coil-kit\/#primaryimage"},"thumbnailUrl":"https:\/\/markasite.com.tr\/markamotors\/wp-content\/uploads\/avm-30-2853_xl.jpg","datePublished":"2026-02-15T14:40:14+00:00","dateModified":"2026-04-04T09:56:30+00:00","description":"AEM 30-2853 High Output IGBT Smart Coil Kit ile motorunuzun ate\u015fleme sistemini y\u00fckseltin. 45.000 volt \u00e7\u0131k\u0131\u015f, IGBT teknolojisi ve end\u00fcktif yap\u0131yla maksimum performans.","breadcrumb":{"@id":"https:\/\/markasite.com.tr\/markamotors\/urun\/aem-30-2853-high-output-igbt-inductive-smart-coil-kit\/#breadcrumb"},"inLanguage":"tr","potentialAction":[{"@type":"ReadAction","target":["https:\/\/markasite.com.tr\/markamotors\/urun\/aem-30-2853-high-output-igbt-inductive-smart-coil-kit\/"]}]},{"@type":"ImageObject","inLanguage":"tr","@id":"https:\/\/markasite.com.tr\/markamotors\/urun\/aem-30-2853-high-output-igbt-inductive-smart-coil-kit\/#primaryimage","url":"https:\/\/markasite.com.tr\/markamotors\/wp-content\/uploads\/avm-30-2853_xl.jpg","contentUrl":"https:\/\/markasite.com.tr\/markamotors\/wp-content\/uploads\/avm-30-2853_xl.jpg","width":1600,"height":1324},{"@type":"BreadcrumbList","@id":"https:\/\/markasite.com.tr\/markamotors\/urun\/aem-30-2853-high-output-igbt-inductive-smart-coil-kit\/#breadcrumb","itemListElement":[{"@type":"ListItem","position":1,"name":"Anasayfa","item":"https:\/\/markasite.com.tr\/markamotors\/"},{"@type":"ListItem","position":2,"name":"AEM 30-2853 High Output IGBT Inductive &#8220;Smart&#8221; Coil Kit"}]},{"@type":"WebSite","@id":"https:\/\/markasite.com.tr\/markamotors\/#website","url":"https:\/\/markasite.com.tr\/markamotors\/","name":"Marka Motors","description":"","publisher":{"@id":"https:\/\/markasite.com.tr\/markamotors\/#organization"},"potentialAction":[{"@type":"SearchAction","target":{"@type":"EntryPoint","urlTemplate":"https:\/\/markasite.com.tr\/markamotors\/?s={search_term_string}"},"query-input":{"@type":"PropertyValueSpecification","valueRequired":true,"valueName":"search_term_string"}}],"inLanguage":"tr"},{"@type":"Organization","@id":"https:\/\/markasite.com.tr\/markamotors\/#organization","name":"Marka Motors","url":"https:\/\/markasite.com.tr\/markamotors\/","logo":{"@type":"ImageObject","inLanguage":"tr","@id":"https:\/\/markasite.com.tr\/markamotors\/#\/schema\/logo\/image\/","url":"https:\/\/markasite.com.tr\/markamotors\/wp-content\/uploads\/footerMarkaMotors.png","contentUrl":"https:\/\/markasite.com.tr\/markamotors\/wp-content\/uploads\/footerMarkaMotors.png","width":215,"height":58,"caption":"Marka Motors"},"image":{"@id":"https:\/\/markasite.com.tr\/markamotors\/#\/schema\/logo\/image\/"},"sameAs":["https:\/\/www.facebook.com\/?locale=tr_TR"]}]}},"_links":{"self":[{"href":"https:\/\/markasite.com.tr\/markamotors\/wp-json\/wp\/v2\/product\/5673","targetHints":{"allow":["GET"]}}],"collection":[{"href":"https:\/\/markasite.com.tr\/markamotors\/wp-json\/wp\/v2\/product"}],"about":[{"href":"https:\/\/markasite.com.tr\/markamotors\/wp-json\/wp\/v2\/types\/product"}],"wp:featuredmedia":[{"embeddable":true,"href":"https:\/\/markasite.com.tr\/markamotors\/wp-json\/wp\/v2\/media\/5448"}],"wp:attachment":[{"href":"https:\/\/markasite.com.tr\/markamotors\/wp-json\/wp\/v2\/media?parent=5673"}],"wp:term":[{"taxonomy":"product_brand","embeddable":true,"href":"https:\/\/markasite.com.tr\/markamotors\/wp-json\/wp\/v2\/product_brand?post=5673"},{"taxonomy":"product_cat","embeddable":true,"href":"https:\/\/markasite.com.tr\/markamotors\/wp-json\/wp\/v2\/product_cat?post=5673"},{"taxonomy":"product_tag","embeddable":true,"href":"https:\/\/markasite.com.tr\/markamotors\/wp-json\/wp\/v2\/product_tag?post=5673"}],"curies":[{"name":"wp","href":"https:\/\/api.w.org\/{rel}","templated":true}]}}