{"id":4436,"date":"2026-02-10T18:31:56","date_gmt":"2026-02-10T15:31:56","guid":{"rendered":"https:\/\/markasite.com.tr\/markamotors\/urun\/garrett-g25-550-turbo-0-92-a-r-v-band-v-band-871389-5005s\/"},"modified":"2026-02-23T03:37:09","modified_gmt":"2026-02-23T00:37:09","slug":"garrett-g25-550-turbo-0-92-a-r-v-band-v-band-871389-5005s","status":"publish","type":"product","link":"https:\/\/markasite.com.tr\/markamotors\/urun\/garrett-g25-550-turbo-0-92-a-r-v-band-v-band-871389-5005s\/","title":{"rendered":"<div class=\"product-loop-meta\"><div class=\"loop-cat\">G Serisi I<\/div><div class=\"brand\"><img alt=\"Garrett\" src=\"https:\/\/markasite.com.tr\/markamotors\/wp-content\/uploads\/Garrett.jpg\"><\/div><\/div><div class=\"list-pro-title\">Garrett G25-550 Turbo 0.92 A\/R &#8211; V-Band \/ V-Band \/ 871389-5005S<\/div>"},"content":{"rendered":"<p>Garrett G25-550 Turbo\u015farj 0.92 A\/R V-Band \/ V-Band<br \/>\nGarrett turbo\u015farj\u0131n en yeni nesli<br \/>\nGTX turbo serisinin ger\u00e7ek bir evrimi<br \/>\nGarrett, BorgWarner EFR turbo\u015farjlar\u0131na yak\u0131n yeni bir turbo\u015farj serisi olan G25 serisini piyasaya s\u00fcr\u00fcyor. \u00d6zellikleri \u015funlard\u0131r:<\/p>\n<p>&#8211; 60 mm&#8217;lik \u00e7arklarda %15&#8217;e kadar (GTX serisi, Gen II serisine g\u00f6re) ve 67 mm&#8217;lik kompres\u00f6r \u00e7arklar\u0131nda %30&#8217;a kadar daha fazla ak\u0131\u015f sa\u011flayan, en yeni nesil d\u00f6vme ve i\u015flenmi\u015f kompres\u00f6r \u00e7ark\u0131<br \/>\n&#8211; H\u0131z sens\u00f6r\u00fc i\u00e7in iste\u011fe ba\u011fl\u0131 ba\u011flant\u0131ya sahip y\u00fcksek ak\u0131\u015fl\u0131 kompres\u00f6r g\u00f6vdesi<br \/>\n&#8211; %15 ila %20 daha fazla ak\u0131\u015f sa\u011flayan Mar-M&#8217;den (1050\u00b0C&#8217;ye kadar dayan\u0131kl\u0131) yap\u0131lm\u0131\u015f t\u00fcrbin \u00e7ark\u0131 &#8211;<br \/>\n1050\u00b0C&#8217;ye kadar dayan\u0131kl\u0131 paslanmaz \u00e7elik t\u00fcrbin g\u00f6vdesi<br \/>\n&#8211; V-bant giri\u015fli ve V-bant \u00e7\u0131k\u0131\u015fl\u0131 egzoz g\u00f6vdeleri<br \/>\n&#8211; Bireysel olarak b\u00fck\u00fclebilen V-bantl\u0131 CHRA<br \/>\n&#8211; \u00c7ift seramik bilyal\u0131 rulmanlar<br \/>\n&#8211; 4 su ba\u011flant\u0131 noktas\u0131<br \/>\n&#8211; Piston segmanlar\u0131nda \u00e7ift conta<br \/>\n&#8211; Sa\u011f ve sol d\u00f6n\u00fc\u015fl\u00fc turbo\u015farjlar mevcuttur.<\/p>\n<p>G\u00fc\u00e7 aral\u0131\u011f\u0131: 550 HP&#8217;ye kadar<br \/>\nMotor hacmi: 1,4 ila 3,0 litre<\/p>\n<p>Not: D\u00f6n\u00fc\u015f y\u00f6n\u00fc saat y\u00f6n\u00fcndedir!<br \/>\nTurbo giri\u015f flan\u015f\u0131: V-Bant<br \/>\nTurbo \u00e7\u0131k\u0131\u015f flan\u015f\u0131 (egzoz borusu flan\u015f\u0131): V-Bant<\/p>\n<p>Kompres\u00f6r bilgileri:<br \/>\nGiri\u015f: 48,00 mm<br \/>\n\u00c7\u0131k\u0131\u015f: 60,00 mm<br \/>\nTrim: 65<br \/>\nA\/R de\u011feri: 0,70<\/p>\n<p>T\u00fcrbin bilgileri:<br \/>\nGiri\u015f: 54,00 mm \u00c7\u0131k\u0131\u015f<br \/>\n: 49,00 mm<br \/>\nTrim: 84<br \/>\nA\/R de\u011feri: 0,92<\/p>\n<p>Sa\u011f ve sol d\u00f6n\u00fc\u015f y\u00f6n\u00fc:<br \/>\nGTX Gen II turbo\u015farj\u0131n mutlak yenili\u011fi do\u011fal olarak G Serisine de aktar\u0131ld\u0131. G-Turbolar ayr\u0131ca ters y\u00f6nde d\u00f6nen turbo\u015farjlar olarak da mevcuttur.<\/p>\n<p>L\u00fctfen dikkat:<br \/>\nG Serisi Turbo\u015farjlar \u00f6nceden monte edilmi\u015f olarak g\u00f6nderilmeyecektir. S\u00fcper \u00e7ekirdek ve g\u00f6vdeyi ve at\u0131k gaz valfini (varsa) her zaman ayr\u0131 olarak alacaks\u0131n\u0131z.<\/p>\n","protected":false},"excerpt":{"rendered":"<p>Garrett G25-550 Turbo\u015farj 0.92 A\/R V-Band \/ V-Band Garrett turbo\u015farj\u0131n en yeni nesli GTX turbo serisinin ger\u00e7ek bir evrimi Garrett, BorgWarner EFR turbo\u015farjlar\u0131na yak\u0131n yeni bir turbo\u015farj serisi olan G25 serisini piyasaya s\u00fcr\u00fcyor. \u00d6zellikleri \u015funlard\u0131r: &#8211; 60 mm&#8217;lik \u00e7arklarda %15&#8217;e kadar (GTX serisi, Gen II serisine g\u00f6re) ve 67 mm&#8217;lik kompres\u00f6r \u00e7arklar\u0131nda %30&#8217;a kadar daha<\/p>\n","protected":false},"featured_media":4420,"template":"","meta":{"_acf_changed":false},"product_brand":[300],"product_cat":[362],"product_tag":[353,345],"class_list":{"0":"post-4436","1":"product","2":"type-product","3":"status-publish","4":"has-post-thumbnail","6":"product_brand-garrett","7":"product_cat-g-serisi-i","8":"product_tag-garrett-turbo","9":"product_tag-turbo","11":"first","12":"outofstock","13":"taxable","14":"shipping-taxable","15":"purchasable","16":"product-type-simple"},"acf":[],"yoast_head":"<!-- This site is optimized with the Yoast SEO plugin v27.3 - https:\/\/yoast.com\/product\/yoast-seo-wordpress\/ -->\n<title>Garrett G25-550 Turbo 0.92 A\/R - V-Band \/ V-Band \/ 871389-5005S - Marka Motors<\/title>\n<meta name=\"robots\" content=\"index, follow, max-snippet:-1, max-image-preview:large, max-video-preview:-1\" \/>\n<link rel=\"canonical\" href=\"https:\/\/markasite.com.tr\/markamotors\/urun\/garrett-g25-550-turbo-0-92-a-r-v-band-v-band-871389-5005s\/\" \/>\n<meta property=\"og:locale\" content=\"tr_TR\" \/>\n<meta property=\"og:type\" content=\"article\" \/>\n<meta property=\"og:title\" content=\"Garrett G25-550 Turbo 0.92 A\/R - V-Band \/ V-Band \/ 871389-5005S - Marka Motors\" \/>\n<meta property=\"og:description\" content=\"Garrett G25-550 Turbo\u015farj 0.92 A\/R V-Band \/ V-Band Garrett turbo\u015farj\u0131n en yeni nesli GTX turbo serisinin ger\u00e7ek bir evrimi Garrett, BorgWarner EFR turbo\u015farjlar\u0131na yak\u0131n yeni bir turbo\u015farj serisi olan G25 serisini piyasaya s\u00fcr\u00fcyor. \u00d6zellikleri \u015funlard\u0131r: &#8211; 60 mm&#8217;lik \u00e7arklarda %15&#8217;e kadar (GTX serisi, Gen II serisine g\u00f6re) ve 67 mm&#8217;lik kompres\u00f6r \u00e7arklar\u0131nda %30&#8217;a kadar daha\" \/>\n<meta property=\"og:url\" content=\"https:\/\/markasite.com.tr\/markamotors\/urun\/garrett-g25-550-turbo-0-92-a-r-v-band-v-band-871389-5005s\/\" \/>\n<meta property=\"og:site_name\" content=\"Marka Motors\" \/>\n<meta property=\"article:publisher\" content=\"https:\/\/www.facebook.com\/?locale=tr_TR\" \/>\n<meta property=\"article:modified_time\" content=\"2026-02-23T00:37:09+00:00\" \/>\n<meta property=\"og:image\" content=\"https:\/\/markasite.com.tr\/markamotors\/wp-content\/uploads\/871389-5005S.jpg\" \/>\n\t<meta property=\"og:image:width\" content=\"1200\" \/>\n\t<meta property=\"og:image:height\" content=\"900\" \/>\n\t<meta property=\"og:image:type\" content=\"image\/jpeg\" \/>\n<meta name=\"twitter:card\" content=\"summary_large_image\" \/>\n<meta name=\"twitter:label1\" content=\"Tahmini okuma s\u00fcresi\" \/>\n\t<meta name=\"twitter:data1\" content=\"1 dakika\" \/>\n<script type=\"application\/ld+json\" class=\"yoast-schema-graph\">{\"@context\":\"https:\\\/\\\/schema.org\",\"@graph\":[{\"@type\":\"WebPage\",\"@id\":\"https:\\\/\\\/markasite.com.tr\\\/markamotors\\\/urun\\\/garrett-g25-550-turbo-0-92-a-r-v-band-v-band-871389-5005s\\\/\",\"url\":\"https:\\\/\\\/markasite.com.tr\\\/markamotors\\\/urun\\\/garrett-g25-550-turbo-0-92-a-r-v-band-v-band-871389-5005s\\\/\",\"name\":\"Garrett G25-550 Turbo 0.92 A\\\/R - V-Band \\\/ V-Band \\\/ 871389-5005S - Marka Motors\",\"isPartOf\":{\"@id\":\"https:\\\/\\\/markasite.com.tr\\\/markamotors\\\/#website\"},\"primaryImageOfPage\":{\"@id\":\"https:\\\/\\\/markasite.com.tr\\\/markamotors\\\/urun\\\/garrett-g25-550-turbo-0-92-a-r-v-band-v-band-871389-5005s\\\/#primaryimage\"},\"image\":{\"@id\":\"https:\\\/\\\/markasite.com.tr\\\/markamotors\\\/urun\\\/garrett-g25-550-turbo-0-92-a-r-v-band-v-band-871389-5005s\\\/#primaryimage\"},\"thumbnailUrl\":\"https:\\\/\\\/markasite.com.tr\\\/markamotors\\\/wp-content\\\/uploads\\\/871389-5005S.jpg\",\"datePublished\":\"2026-02-10T15:31:56+00:00\",\"dateModified\":\"2026-02-23T00:37:09+00:00\",\"breadcrumb\":{\"@id\":\"https:\\\/\\\/markasite.com.tr\\\/markamotors\\\/urun\\\/garrett-g25-550-turbo-0-92-a-r-v-band-v-band-871389-5005s\\\/#breadcrumb\"},\"inLanguage\":\"tr\",\"potentialAction\":[{\"@type\":\"ReadAction\",\"target\":[\"https:\\\/\\\/markasite.com.tr\\\/markamotors\\\/urun\\\/garrett-g25-550-turbo-0-92-a-r-v-band-v-band-871389-5005s\\\/\"]}]},{\"@type\":\"ImageObject\",\"inLanguage\":\"tr\",\"@id\":\"https:\\\/\\\/markasite.com.tr\\\/markamotors\\\/urun\\\/garrett-g25-550-turbo-0-92-a-r-v-band-v-band-871389-5005s\\\/#primaryimage\",\"url\":\"https:\\\/\\\/markasite.com.tr\\\/markamotors\\\/wp-content\\\/uploads\\\/871389-5005S.jpg\",\"contentUrl\":\"https:\\\/\\\/markasite.com.tr\\\/markamotors\\\/wp-content\\\/uploads\\\/871389-5005S.jpg\",\"width\":1200,\"height\":900},{\"@type\":\"BreadcrumbList\",\"@id\":\"https:\\\/\\\/markasite.com.tr\\\/markamotors\\\/urun\\\/garrett-g25-550-turbo-0-92-a-r-v-band-v-band-871389-5005s\\\/#breadcrumb\",\"itemListElement\":[{\"@type\":\"ListItem\",\"position\":1,\"name\":\"Anasayfa\",\"item\":\"https:\\\/\\\/markasite.com.tr\\\/markamotors\\\/\"},{\"@type\":\"ListItem\",\"position\":2,\"name\":\"G Serisi IGarrett G25-550 Turbo 0.92 A\\\/R &#8211; V-Band \\\/ V-Band \\\/ 871389-5005S\"}]},{\"@type\":\"WebSite\",\"@id\":\"https:\\\/\\\/markasite.com.tr\\\/markamotors\\\/#website\",\"url\":\"https:\\\/\\\/markasite.com.tr\\\/markamotors\\\/\",\"name\":\"Marka Motors\",\"description\":\"\",\"publisher\":{\"@id\":\"https:\\\/\\\/markasite.com.tr\\\/markamotors\\\/#organization\"},\"potentialAction\":[{\"@type\":\"SearchAction\",\"target\":{\"@type\":\"EntryPoint\",\"urlTemplate\":\"https:\\\/\\\/markasite.com.tr\\\/markamotors\\\/?s={search_term_string}\"},\"query-input\":{\"@type\":\"PropertyValueSpecification\",\"valueRequired\":true,\"valueName\":\"search_term_string\"}}],\"inLanguage\":\"tr\"},{\"@type\":\"Organization\",\"@id\":\"https:\\\/\\\/markasite.com.tr\\\/markamotors\\\/#organization\",\"name\":\"Marka Motors\",\"url\":\"https:\\\/\\\/markasite.com.tr\\\/markamotors\\\/\",\"logo\":{\"@type\":\"ImageObject\",\"inLanguage\":\"tr\",\"@id\":\"https:\\\/\\\/markasite.com.tr\\\/markamotors\\\/#\\\/schema\\\/logo\\\/image\\\/\",\"url\":\"https:\\\/\\\/markasite.com.tr\\\/markamotors\\\/wp-content\\\/uploads\\\/footerMarkaMotors.png\",\"contentUrl\":\"https:\\\/\\\/markasite.com.tr\\\/markamotors\\\/wp-content\\\/uploads\\\/footerMarkaMotors.png\",\"width\":215,\"height\":58,\"caption\":\"Marka Motors\"},\"image\":{\"@id\":\"https:\\\/\\\/markasite.com.tr\\\/markamotors\\\/#\\\/schema\\\/logo\\\/image\\\/\"},\"sameAs\":[\"https:\\\/\\\/www.facebook.com\\\/?locale=tr_TR\"]}]}<\/script>\n<!-- \/ Yoast SEO plugin. -->","yoast_head_json":{"title":"Garrett G25-550 Turbo 0.92 A\/R - V-Band \/ V-Band \/ 871389-5005S - Marka Motors","robots":{"index":"index","follow":"follow","max-snippet":"max-snippet:-1","max-image-preview":"max-image-preview:large","max-video-preview":"max-video-preview:-1"},"canonical":"https:\/\/markasite.com.tr\/markamotors\/urun\/garrett-g25-550-turbo-0-92-a-r-v-band-v-band-871389-5005s\/","og_locale":"tr_TR","og_type":"article","og_title":"Garrett G25-550 Turbo 0.92 A\/R - V-Band \/ V-Band \/ 871389-5005S - Marka Motors","og_description":"Garrett G25-550 Turbo\u015farj 0.92 A\/R V-Band \/ V-Band Garrett turbo\u015farj\u0131n en yeni nesli GTX turbo serisinin ger\u00e7ek bir evrimi Garrett, BorgWarner EFR turbo\u015farjlar\u0131na yak\u0131n yeni bir turbo\u015farj serisi olan G25 serisini piyasaya s\u00fcr\u00fcyor. \u00d6zellikleri \u015funlard\u0131r: &#8211; 60 mm&#8217;lik \u00e7arklarda %15&#8217;e kadar (GTX serisi, Gen II serisine g\u00f6re) ve 67 mm&#8217;lik kompres\u00f6r \u00e7arklar\u0131nda %30&#8217;a kadar daha","og_url":"https:\/\/markasite.com.tr\/markamotors\/urun\/garrett-g25-550-turbo-0-92-a-r-v-band-v-band-871389-5005s\/","og_site_name":"Marka Motors","article_publisher":"https:\/\/www.facebook.com\/?locale=tr_TR","article_modified_time":"2026-02-23T00:37:09+00:00","og_image":[{"width":1200,"height":900,"url":"https:\/\/markasite.com.tr\/markamotors\/wp-content\/uploads\/871389-5005S.jpg","type":"image\/jpeg"}],"twitter_card":"summary_large_image","twitter_misc":{"Tahmini okuma s\u00fcresi":"1 dakika"},"schema":{"@context":"https:\/\/schema.org","@graph":[{"@type":"WebPage","@id":"https:\/\/markasite.com.tr\/markamotors\/urun\/garrett-g25-550-turbo-0-92-a-r-v-band-v-band-871389-5005s\/","url":"https:\/\/markasite.com.tr\/markamotors\/urun\/garrett-g25-550-turbo-0-92-a-r-v-band-v-band-871389-5005s\/","name":"Garrett G25-550 Turbo 0.92 A\/R - V-Band \/ V-Band \/ 871389-5005S - Marka Motors","isPartOf":{"@id":"https:\/\/markasite.com.tr\/markamotors\/#website"},"primaryImageOfPage":{"@id":"https:\/\/markasite.com.tr\/markamotors\/urun\/garrett-g25-550-turbo-0-92-a-r-v-band-v-band-871389-5005s\/#primaryimage"},"image":{"@id":"https:\/\/markasite.com.tr\/markamotors\/urun\/garrett-g25-550-turbo-0-92-a-r-v-band-v-band-871389-5005s\/#primaryimage"},"thumbnailUrl":"https:\/\/markasite.com.tr\/markamotors\/wp-content\/uploads\/871389-5005S.jpg","datePublished":"2026-02-10T15:31:56+00:00","dateModified":"2026-02-23T00:37:09+00:00","breadcrumb":{"@id":"https:\/\/markasite.com.tr\/markamotors\/urun\/garrett-g25-550-turbo-0-92-a-r-v-band-v-band-871389-5005s\/#breadcrumb"},"inLanguage":"tr","potentialAction":[{"@type":"ReadAction","target":["https:\/\/markasite.com.tr\/markamotors\/urun\/garrett-g25-550-turbo-0-92-a-r-v-band-v-band-871389-5005s\/"]}]},{"@type":"ImageObject","inLanguage":"tr","@id":"https:\/\/markasite.com.tr\/markamotors\/urun\/garrett-g25-550-turbo-0-92-a-r-v-band-v-band-871389-5005s\/#primaryimage","url":"https:\/\/markasite.com.tr\/markamotors\/wp-content\/uploads\/871389-5005S.jpg","contentUrl":"https:\/\/markasite.com.tr\/markamotors\/wp-content\/uploads\/871389-5005S.jpg","width":1200,"height":900},{"@type":"BreadcrumbList","@id":"https:\/\/markasite.com.tr\/markamotors\/urun\/garrett-g25-550-turbo-0-92-a-r-v-band-v-band-871389-5005s\/#breadcrumb","itemListElement":[{"@type":"ListItem","position":1,"name":"Anasayfa","item":"https:\/\/markasite.com.tr\/markamotors\/"},{"@type":"ListItem","position":2,"name":"G Serisi IGarrett G25-550 Turbo 0.92 A\/R &#8211; V-Band \/ V-Band \/ 871389-5005S"}]},{"@type":"WebSite","@id":"https:\/\/markasite.com.tr\/markamotors\/#website","url":"https:\/\/markasite.com.tr\/markamotors\/","name":"Marka Motors","description":"","publisher":{"@id":"https:\/\/markasite.com.tr\/markamotors\/#organization"},"potentialAction":[{"@type":"SearchAction","target":{"@type":"EntryPoint","urlTemplate":"https:\/\/markasite.com.tr\/markamotors\/?s={search_term_string}"},"query-input":{"@type":"PropertyValueSpecification","valueRequired":true,"valueName":"search_term_string"}}],"inLanguage":"tr"},{"@type":"Organization","@id":"https:\/\/markasite.com.tr\/markamotors\/#organization","name":"Marka Motors","url":"https:\/\/markasite.com.tr\/markamotors\/","logo":{"@type":"ImageObject","inLanguage":"tr","@id":"https:\/\/markasite.com.tr\/markamotors\/#\/schema\/logo\/image\/","url":"https:\/\/markasite.com.tr\/markamotors\/wp-content\/uploads\/footerMarkaMotors.png","contentUrl":"https:\/\/markasite.com.tr\/markamotors\/wp-content\/uploads\/footerMarkaMotors.png","width":215,"height":58,"caption":"Marka Motors"},"image":{"@id":"https:\/\/markasite.com.tr\/markamotors\/#\/schema\/logo\/image\/"},"sameAs":["https:\/\/www.facebook.com\/?locale=tr_TR"]}]}},"_links":{"self":[{"href":"https:\/\/markasite.com.tr\/markamotors\/wp-json\/wp\/v2\/product\/4436","targetHints":{"allow":["GET"]}}],"collection":[{"href":"https:\/\/markasite.com.tr\/markamotors\/wp-json\/wp\/v2\/product"}],"about":[{"href":"https:\/\/markasite.com.tr\/markamotors\/wp-json\/wp\/v2\/types\/product"}],"wp:featuredmedia":[{"embeddable":true,"href":"https:\/\/markasite.com.tr\/markamotors\/wp-json\/wp\/v2\/media\/4420"}],"wp:attachment":[{"href":"https:\/\/markasite.com.tr\/markamotors\/wp-json\/wp\/v2\/media?parent=4436"}],"wp:term":[{"taxonomy":"product_brand","embeddable":true,"href":"https:\/\/markasite.com.tr\/markamotors\/wp-json\/wp\/v2\/product_brand?post=4436"},{"taxonomy":"product_cat","embeddable":true,"href":"https:\/\/markasite.com.tr\/markamotors\/wp-json\/wp\/v2\/product_cat?post=4436"},{"taxonomy":"product_tag","embeddable":true,"href":"https:\/\/markasite.com.tr\/markamotors\/wp-json\/wp\/v2\/product_tag?post=4436"}],"curies":[{"name":"wp","href":"https:\/\/api.w.org\/{rel}","templated":true}]}}