{"id":4429,"date":"2026-02-10T18:31:54","date_gmt":"2026-02-10T15:31:54","guid":{"rendered":"https:\/\/markasite.com.tr\/markamotors\/urun\/garrett-powermax-550-hp-guc-arttirici-turbo-gt2563-vag-ea888-4-nesil-2-0-tsi-2-0-tfsi-921474-5001\/"},"modified":"2026-03-26T13:26:01","modified_gmt":"2026-03-26T10:26:01","slug":"garrett-powermax-550-hp-guc-arttirici-turbo-gt2563-vag-ea888-4-nesil-2-0-tsi-2-0-tfsi-921474-5001","status":"publish","type":"product","link":"https:\/\/markasite.com.tr\/markamotors\/urun\/garrett-powermax-550-hp-guc-arttirici-turbo-gt2563-vag-ea888-4-nesil-2-0-tsi-2-0-tfsi-921474-5001\/","title":{"rendered":"<div class=\"product-loop-meta\"><div class=\"loop-cat\">Bolt-on VW<\/div><div class=\"brand\"><img alt=\"Garrett\" src=\"https:\/\/markasite.com.tr\/markamotors\/wp-content\/uploads\/Garrett.jpg\"><\/div><\/div><div class=\"list-pro-title\">Garrett Powermax 550 Hp G\u00fc\u00e7 Artt\u0131r\u0131c\u0131 Turbo Gt2563, Vag Ea888 4. Nesil 2.0 Tsi \/ 2.0 Tfsi \/ 921474-5001<\/div>"},"content":{"rendered":"<p>Yeni Nesil Orijinal Garrett TurboGarrett Powermax 550 HP G\u00fc\u00e7 Artt\u0131r\u0131c\u0131 Turbo GT2563, VAG EA888 4. Nesil 2.0 TSI \/ 2.0 TFSI motorlar i\u00e7in.<br \/>\nAudi, Seat, Skoda, VW 2.0 TFSI\/TSI i\u00e7in Garrett Tak \u00c7al\u0131\u015ft\u0131r 550 HP Turbo Y\u00fckseltme Kiti \/ 921474-5001<br \/>\nGarrett GT2563 Y\u00fckseltme Turbo Kitleri, Garrett&#8217;in orijinal ekipman \u00fcreticisi (OEM) yerine ge\u00e7en en yeni nesil performans turbo\u015farjlar\u0131d\u0131r.<br \/>\n2020+ Volkswagen Golf R | Audi | Cupra | 2.0L TSI EA888 EVO4 550 HP&#8217;ye kadar | 410 kW G\u00fc\u00e7 Kapasitesi<\/p>\n<p>PowerMax\u2122 do\u011frudan uyumlu performans turbo\u015farj kitleri, OEM uyumlulu\u011funu korurken motor performans\u0131n\u0131 art\u0131rmak i\u00e7in tasarlanm\u0131\u015ft\u0131r.<br \/>\nKaliforniya&#8217;da yaln\u0131zca yar\u0131\u015f ara\u00e7lar\u0131 i\u00e7in yasald\u0131r ve bu ara\u00e7lar asla karayolunda kullan\u0131lamaz, tescil edilemez veya ruhsatland\u0131r\u0131lamaz. Kurulum, ara\u00e7 emisyonlar\u0131n\u0131, g\u00fcvenli\u011fini, garantisini ve i\u015fletme ruhsat\u0131n\u0131 etkileyebilir. Ayr\u0131nt\u0131lar i\u00e7in arac\u0131n\u0131z\u0131n \u00fcreticisi veya turbo kit distrib\u00fct\u00f6r\u00fc ile ileti\u015fime ge\u00e7in. 2020+ Garrett PowerMax do\u011frudan uyumlu turbo\u015farj\u0131 tan\u0131t\u0131yoruz; 2.0L TSI EA888 EVO4 motorunuz i\u00e7in en \u00fcst d\u00fczey performans art\u0131\u015f\u0131. \u0130ster Audi A3, ister Golf R, ister Cupra Formentor kullan\u0131yor olun, bu y\u00fckseltme s\u00fcr\u00fc\u015f deneyiminizi bir \u00fcst seviyeye ta\u015f\u0131yacak. Bu do\u011frudan uyumlu turbo\u015farj y\u00fckseltmesi, dinamometrede muhafazakar bir ayarla 520 BG (383 kW) g\u00fc\u00e7 ve 576 Nm tork \u00fcreterek \u00e7arp\u0131c\u0131 bir performans sergiledi. Ak\u0131\u015f testleri s\u0131ras\u0131nda, bu performans turbo\u015farj\u0131, orijinal turboya k\u0131yasla %20 daha fazla kompres\u00f6r ak\u0131\u015f\u0131 ve %37 daha fazla t\u00fcrbin ak\u0131\u015f\u0131 sa\u011flad\u0131. Garrett&#8217;in en yeni nesil kompres\u00f6r ve t\u00fcrbin \u00e7ark\u0131 teknolojisi, bu turbo\u015farj i\u00e7in maksimum ak\u0131\u015f ve verimlilik sa\u011flarken, t\u00fcm bunlar orijinal ekipman \u00fcreticisinin (OEM) ayak izi i\u00e7inde kal\u0131yor.<\/p>\n<p>Ancak hepsi bu de\u011fil. T\u00fcrbin \u00e7ark\u0131, 1050\u00b0C&#8217;ye kadar s\u0131cakl\u0131klara dayan\u0131kl\u0131 Mar-M ala\u015f\u0131m\u0131ndan \u00fcretilmi\u015ftir. Paslanmaz \u00e7elik, dahili at\u0131k gaz tahliyeli t\u00fcrbin g\u00f6vdesi de 1050\u00b0C&#8217;ye kadar s\u0131cakl\u0131klara dayan\u0131kl\u0131d\u0131r ve a\u015f\u0131r\u0131 ko\u015fullar alt\u0131nda dayan\u0131kl\u0131l\u0131k ve g\u00fcvenilirlik sa\u011flar. Ek olarak, t\u00fcrbin g\u00f6vdesi at\u0131k gaz tahliye kanal\u0131, daha y\u00fcksek ak\u0131\u015f ve performans kontrol\u00fc i\u00e7in optimize edilmi\u015ftir. PowerMax turbo\u015farj, turbo h\u0131z\u0131n\u0131 veri kaydedicinizde veya Garrett&#8217;in yeni G-Smart Bluetooth Mod\u00fcl\u00fcnde (ayr\u0131 sat\u0131l\u0131r, PN 923586-0003) takip edebilmeniz i\u00e7in tamamen i\u015flenmi\u015f bir h\u0131z sens\u00f6r\u00fc portuyla birlikte gelir.<\/p>\n<p>2.0L EA888 EVO4 motorunuzun t\u00fcm potansiyelini ortaya \u00e7\u0131karmak i\u00e7in bu f\u0131rsat\u0131 ka\u00e7\u0131rmay\u0131n. 2020+ PowerMax Do\u011frudan Uyumlu Y\u00fckseltme paketinizi bug\u00fcn sipari\u015f edin ve en \u00fcst d\u00fczey s\u00fcr\u00fc\u015f heyecan\u0131n\u0131n tad\u0131n\u0131 \u00e7\u0131karmaya haz\u0131r olun!<br \/>\nUYARI:<br \/>\nTurbo\u015farj\u0131n izin verilen maksimum h\u0131z\u0131 177.800 rpm&#8217;dir. Bu \u00fcr\u00fcn\u00fcn maksimum turbo\u015farj h\u0131z\u0131n\u0131n \u00fczerinde kullan\u0131lmas\u0131, kullan\u0131c\u0131n\u0131n sorumlulu\u011fundad\u0131r ve hasara ve erken ar\u0131zaya neden olabilir. \u00c7al\u0131\u015fma s\u0131ras\u0131nda turbo\u015farj\u0131 a\u015f\u0131r\u0131 h\u0131zdan korumak i\u00e7in, kompres\u00f6r g\u00f6vdesine 781328-0003 (sens\u00f6r ve g\u00f6sterge dahil), 781328-0004 (h\u0131z sens\u00f6r\u00fc dahil) veya sens\u00f6rl\u00fc G-Smart Bluetooth Mod\u00fcl\u00fc (PN 923586-0003) par\u00e7a numaral\u0131 h\u0131z sens\u00f6rlerinin tak\u0131lmas\u0131 i\u00e7in bir h\u0131z sens\u00f6r\u00fc portu i\u015flenmi\u015ftir. Sens\u00f6r kitleri ayr\u0131 sat\u0131l\u0131r. *Bu \u00fcr\u00fcn\u00fcn performans sonu\u00e7lar\u0131, arac\u0131n\u0131z\u0131n modifikasyonlar\u0131na ve ayar\/kalibrasyonuna b\u00fcy\u00fck \u00f6l\u00e7\u00fcde ba\u011fl\u0131d\u0131r. Yukar\u0131da belirtilen beygir g\u00fcc\u00fc de\u011ferleri, ara\u00e7 \u00fczerinde yap\u0131lan ger\u00e7ek testlere dayanmaktad\u0131r.<\/p>\n<p>\u00d6zellikler<br \/>\nOrijinal ekipman uyumlulu\u011fu i\u00e7in kalibre edilmi\u015f elektrikli akt\u00fcat\u00f6rl\u00fc komple montaj.<br \/>\n550 beygir g\u00fcc\u00fc | 410 kW turbo kapasitesi (ara\u00e7 \u00fczerindeki sonu\u00e7lar: 520 beygir g\u00fcc\u00fc | 383 kW &#8211; muhafazakar ayarlama ile)<br \/>\nOrijinal turboya k\u0131yasla %20 daha fazla kompres\u00f6r ak\u0131\u015f\u0131<br \/>\nOrijinal turboya k\u0131yasla %37 daha y\u00fcksek t\u00fcrbin ak\u0131\u015f\u0131<br \/>\nUygulama i\u00e7in \u00f6zelle\u015ftirilmi\u015f modern kompres\u00f6r \u00e7ark\u0131 aerodinamik<br \/>\n1050\u00b0C&#8217;ye kadar dayan\u0131m derecesine sahip Mar-M ala\u015f\u0131m\u0131ndan \u00fcretilmi\u015f modern benzinli t\u00fcrbin \u00e7ark\u0131 aerodinami\u011fi.<br \/>\n1050\u00b0C&#8217;ye kadar dayanabilen paslanmaz \u00e7elik t\u00fcrbin g\u00f6vdesi<br \/>\nTamamen i\u015flenmi\u015f h\u0131z sens\u00f6r\u00fc ba\u011flant\u0131 noktas\u0131<br \/>\nEntegre bask\u0131 yata\u011f\u0131 &#8211; uygulama i\u00e7in g\u00fc\u00e7lendirilmi\u015f<br \/>\n\u015eunlar i\u00e7in uygundur:<br \/>\nVW Golf R 2022+ Kuzey Amerika 2.0L EA888 Evo 4<br \/>\nVW Golf VIII GTI Clubsport 2020+ Avrupa 2.0L EA888 Evo 4<br \/>\nVW T-ROC R 4Motion 2022+ Avrupa 2.0L EA888 Evo 4<br \/>\nVW Golf VIII R 4Motion 2020+ Avrupa 2.0L EA888 Evo 4<br \/>\nVW Golf VIII Variant TSI R 4Motion 2021+ Avrupa 2.0L EA888 Evo 4<br \/>\nVW Tiguan TSI R 4Motion 2020+ Avrupa 2.0L EA888 Evo 4<br \/>\nAudi A3 Limousine S3 Quattro 2020+ Avrupa 2.0L EA888 Evo 4<br \/>\nAudi A3 Sportback S3 Quattro 2020+ Avrupa 2.0L EA888 Evo 4<br \/>\nAudi SQ2 2021+ Avrupa 2.0L EA888 Evo 4<br \/>\nAudi TTS Quattro 2021+ Avrupa 2.0L EA888 Evo 4<br \/>\nAudi Roadster TTS Quattro 2020+ Avrupa 2.0L EA888 Evo 4<br \/>\nCupra Formentor 2.0 TSI 4Drive 2020+ Avrupa 2.0L EA888 Evo 4<br \/>\nCupra Leon Sportstourer 2.0 TSI 4Drive 2021+ Avrupa 2.0L EA888 Evo 4<br \/>\nCupra Leon Sportstourer 2.0 TSI 2021+ Avrupa 2.0L EA888 Evo 4<br \/>\nCupra Leon 2.0TSI 2021+ Avrupa 2.0L EA888 Evo 4<br \/>\nCupra Ateca 2.0 TSI 4Drive 2021+ Avrupa 2.0L EA888 Evo 4<br \/>\nOrijinal VAG turbo\u015farj\u0131n\u0131n yerine ge\u00e7er:<br \/>\n06Q145703C \/ 06Q145703F \/ 06Q145703G \/ 06Q145703H<br \/>\nTurbo Teknik \u00d6zellikleri:<br \/>\n&#8211; H\u0131z sens\u00f6r\u00fc i\u00e7in iste\u011fe ba\u011fl\u0131 ba\u011flant\u0131ya sahip y\u00fcksek ak\u0131\u015fl\u0131 kompres\u00f6r g\u00f6vdesi<br \/>\n&#8211; Daha y\u00fcksek ak\u0131\u015f sa\u011flayan Mar-M (1050\u00b0C&#8217;ye kadar dayan\u0131kl\u0131) t\u00fcrbin \u00e7ark\u0131<br \/>\n&#8211; 1050\u00b0C&#8217;ye kadar dayan\u0131kl\u0131 paslanmaz \u00e7elik t\u00fcrbin g\u00f6vdesi<br \/>\n&#8211; OEM uyumlu flan\u015fl\u0131 egzoz g\u00f6vdesi<br \/>\n&#8211; En yeni nesil kaymal\u0131 yatakl\u0131 rotor grubu<br \/>\n&#8211; 4 su ba\u011flant\u0131 noktas\u0131<br \/>\n&#8211; Uygulama i\u00e7in g\u00fc\u00e7lendirilmi\u015f 360 derece itme yata\u011f\u0131<\/p>\n<p>G\u00fc\u00e7 aral\u0131\u011f\u0131: 550 HP&#8217;ye kadar<br \/>\nMotor hacmi: 2.0 Litre<\/p>\n<p>Kompres\u00f6r bilgileri:<br \/>\nGiri\u015f: 51,00 mm<br \/>\n\u00c7\u0131k\u0131\u015f: 63,00 mm<br \/>\nT\u00fcrbin bilgileri:<br \/>\nGiri\u015f: 58,00 mm<br \/>\n\u00c7\u0131k\u0131\u015f: 50,00 mm<\/p>\n<p>Garrett 921474-5001S, y\u00fcksek performans ve dayan\u0131kl\u0131l\u0131k i\u00e7in geli\u015ftirilmi\u015f orijinal turbo\u015farj \u00fcnitesidir. Hem OEM kullan\u0131m\u0131na hem de performans odakl\u0131 projelere uygun olarak tasarlanm\u0131\u015ft\u0131r.<\/p>\n","protected":false},"excerpt":{"rendered":"<p>Yeni Nesil Orijinal Garrett TurboGarrett Powermax 550 HP G\u00fc\u00e7 Artt\u0131r\u0131c\u0131 Turbo GT2563, VAG EA888 4. Nesil 2.0 TSI \/ 2.0 TFSI motorlar i\u00e7in. Audi, Seat, Skoda, VW 2.0 TFSI\/TSI i\u00e7in Garrett Tak \u00c7al\u0131\u015ft\u0131r 550 HP Turbo Y\u00fckseltme Kiti \/ 921474-5001 Garrett GT2563 Y\u00fckseltme Turbo Kitleri, Garrett&#8217;in orijinal ekipman \u00fcreticisi (OEM) yerine ge\u00e7en en yeni nesil<\/p>\n","protected":false},"featured_media":4427,"template":"","meta":{"_acf_changed":false},"product_brand":[300],"product_cat":[361],"product_tag":[353,345],"class_list":{"0":"post-4429","1":"product","2":"type-product","3":"status-publish","4":"has-post-thumbnail","6":"product_brand-garrett","7":"product_cat-bolt-on-vw","8":"product_tag-garrett-turbo","9":"product_tag-turbo","11":"first","12":"instock","13":"taxable","14":"shipping-taxable","15":"purchasable","16":"product-type-simple"},"acf":[],"yoast_head":"<!-- This site is optimized with the Yoast SEO plugin v27.3 - https:\/\/yoast.com\/product\/yoast-seo-wordpress\/ -->\n<title>Garrett Powermax 550 HP G\u00fc\u00e7 Artt\u0131r\u0131c\u0131 Turbo GT2563, VAG EA888 4. Nesil 2.0 TSI \/ 2.0 TFSI \/ 921474-5001 - Marka Motors<\/title>\n<meta name=\"robots\" content=\"index, follow, max-snippet:-1, max-image-preview:large, max-video-preview:-1\" \/>\n<link rel=\"canonical\" href=\"https:\/\/markasite.com.tr\/markamotors\/urun\/garrett-powermax-550-hp-guc-arttirici-turbo-gt2563-vag-ea888-4-nesil-2-0-tsi-2-0-tfsi-921474-5001\/\" \/>\n<meta property=\"og:locale\" content=\"tr_TR\" \/>\n<meta property=\"og:type\" content=\"article\" \/>\n<meta property=\"og:title\" content=\"Garrett Powermax 550 HP G\u00fc\u00e7 Artt\u0131r\u0131c\u0131 Turbo GT2563, VAG EA888 4. Nesil 2.0 TSI \/ 2.0 TFSI \/ 921474-5001 - Marka Motors\" \/>\n<meta property=\"og:description\" content=\"Yeni Nesil Orijinal Garrett TurboGarrett Powermax 550 HP G\u00fc\u00e7 Artt\u0131r\u0131c\u0131 Turbo GT2563, VAG EA888 4. Nesil 2.0 TSI \/ 2.0 TFSI motorlar i\u00e7in. Audi, Seat, Skoda, VW 2.0 TFSI\/TSI i\u00e7in Garrett Tak \u00c7al\u0131\u015ft\u0131r 550 HP Turbo Y\u00fckseltme Kiti \/ 921474-5001 Garrett GT2563 Y\u00fckseltme Turbo Kitleri, Garrett&#8217;in orijinal ekipman \u00fcreticisi (OEM) yerine ge\u00e7en en yeni nesil\" \/>\n<meta property=\"og:url\" content=\"https:\/\/markasite.com.tr\/markamotors\/urun\/garrett-powermax-550-hp-guc-arttirici-turbo-gt2563-vag-ea888-4-nesil-2-0-tsi-2-0-tfsi-921474-5001\/\" \/>\n<meta property=\"og:site_name\" content=\"Marka Motors\" \/>\n<meta property=\"article:publisher\" content=\"https:\/\/www.facebook.com\/?locale=tr_TR\" \/>\n<meta property=\"article:modified_time\" content=\"2026-03-26T10:26:01+00:00\" \/>\n<meta property=\"og:image\" content=\"https:\/\/markasite.com.tr\/markamotors\/wp-content\/uploads\/921474-5001S.jpg\" \/>\n\t<meta property=\"og:image:width\" content=\"1600\" \/>\n\t<meta property=\"og:image:height\" content=\"1600\" \/>\n\t<meta property=\"og:image:type\" content=\"image\/jpeg\" \/>\n<meta name=\"twitter:card\" content=\"summary_large_image\" \/>\n<meta name=\"twitter:label1\" content=\"Tahmini okuma s\u00fcresi\" \/>\n\t<meta name=\"twitter:data1\" content=\"6 dakika\" \/>\n<script type=\"application\/ld+json\" class=\"yoast-schema-graph\">{\"@context\":\"https:\\\/\\\/schema.org\",\"@graph\":[{\"@type\":\"WebPage\",\"@id\":\"https:\\\/\\\/markasite.com.tr\\\/markamotors\\\/urun\\\/garrett-powermax-550-hp-guc-arttirici-turbo-gt2563-vag-ea888-4-nesil-2-0-tsi-2-0-tfsi-921474-5001\\\/\",\"url\":\"https:\\\/\\\/markasite.com.tr\\\/markamotors\\\/urun\\\/garrett-powermax-550-hp-guc-arttirici-turbo-gt2563-vag-ea888-4-nesil-2-0-tsi-2-0-tfsi-921474-5001\\\/\",\"name\":\"Garrett Powermax 550 HP G\u00fc\u00e7 Artt\u0131r\u0131c\u0131 Turbo GT2563, VAG EA888 4. Nesil 2.0 TSI \\\/ 2.0 TFSI \\\/ 921474-5001 - Marka Motors\",\"isPartOf\":{\"@id\":\"https:\\\/\\\/markasite.com.tr\\\/markamotors\\\/#website\"},\"primaryImageOfPage\":{\"@id\":\"https:\\\/\\\/markasite.com.tr\\\/markamotors\\\/urun\\\/garrett-powermax-550-hp-guc-arttirici-turbo-gt2563-vag-ea888-4-nesil-2-0-tsi-2-0-tfsi-921474-5001\\\/#primaryimage\"},\"image\":{\"@id\":\"https:\\\/\\\/markasite.com.tr\\\/markamotors\\\/urun\\\/garrett-powermax-550-hp-guc-arttirici-turbo-gt2563-vag-ea888-4-nesil-2-0-tsi-2-0-tfsi-921474-5001\\\/#primaryimage\"},\"thumbnailUrl\":\"https:\\\/\\\/markasite.com.tr\\\/markamotors\\\/wp-content\\\/uploads\\\/921474-5001S.jpg\",\"datePublished\":\"2026-02-10T15:31:54+00:00\",\"dateModified\":\"2026-03-26T10:26:01+00:00\",\"breadcrumb\":{\"@id\":\"https:\\\/\\\/markasite.com.tr\\\/markamotors\\\/urun\\\/garrett-powermax-550-hp-guc-arttirici-turbo-gt2563-vag-ea888-4-nesil-2-0-tsi-2-0-tfsi-921474-5001\\\/#breadcrumb\"},\"inLanguage\":\"tr\",\"potentialAction\":[{\"@type\":\"ReadAction\",\"target\":[\"https:\\\/\\\/markasite.com.tr\\\/markamotors\\\/urun\\\/garrett-powermax-550-hp-guc-arttirici-turbo-gt2563-vag-ea888-4-nesil-2-0-tsi-2-0-tfsi-921474-5001\\\/\"]}]},{\"@type\":\"ImageObject\",\"inLanguage\":\"tr\",\"@id\":\"https:\\\/\\\/markasite.com.tr\\\/markamotors\\\/urun\\\/garrett-powermax-550-hp-guc-arttirici-turbo-gt2563-vag-ea888-4-nesil-2-0-tsi-2-0-tfsi-921474-5001\\\/#primaryimage\",\"url\":\"https:\\\/\\\/markasite.com.tr\\\/markamotors\\\/wp-content\\\/uploads\\\/921474-5001S.jpg\",\"contentUrl\":\"https:\\\/\\\/markasite.com.tr\\\/markamotors\\\/wp-content\\\/uploads\\\/921474-5001S.jpg\",\"width\":1600,\"height\":1600},{\"@type\":\"BreadcrumbList\",\"@id\":\"https:\\\/\\\/markasite.com.tr\\\/markamotors\\\/urun\\\/garrett-powermax-550-hp-guc-arttirici-turbo-gt2563-vag-ea888-4-nesil-2-0-tsi-2-0-tfsi-921474-5001\\\/#breadcrumb\",\"itemListElement\":[{\"@type\":\"ListItem\",\"position\":1,\"name\":\"Anasayfa\",\"item\":\"https:\\\/\\\/markasite.com.tr\\\/markamotors\\\/\"},{\"@type\":\"ListItem\",\"position\":2,\"name\":\"Garrett Powermax 550 HP G\u00fc\u00e7 Artt\u0131r\u0131c\u0131 Turbo GT2563, VAG EA888 4. Nesil 2.0 TSI \\\/ 2.0 TFSI \\\/ 921474-5001\"}]},{\"@type\":\"WebSite\",\"@id\":\"https:\\\/\\\/markasite.com.tr\\\/markamotors\\\/#website\",\"url\":\"https:\\\/\\\/markasite.com.tr\\\/markamotors\\\/\",\"name\":\"Marka Motors\",\"description\":\"\",\"publisher\":{\"@id\":\"https:\\\/\\\/markasite.com.tr\\\/markamotors\\\/#organization\"},\"potentialAction\":[{\"@type\":\"SearchAction\",\"target\":{\"@type\":\"EntryPoint\",\"urlTemplate\":\"https:\\\/\\\/markasite.com.tr\\\/markamotors\\\/?s={search_term_string}\"},\"query-input\":{\"@type\":\"PropertyValueSpecification\",\"valueRequired\":true,\"valueName\":\"search_term_string\"}}],\"inLanguage\":\"tr\"},{\"@type\":\"Organization\",\"@id\":\"https:\\\/\\\/markasite.com.tr\\\/markamotors\\\/#organization\",\"name\":\"Marka Motors\",\"url\":\"https:\\\/\\\/markasite.com.tr\\\/markamotors\\\/\",\"logo\":{\"@type\":\"ImageObject\",\"inLanguage\":\"tr\",\"@id\":\"https:\\\/\\\/markasite.com.tr\\\/markamotors\\\/#\\\/schema\\\/logo\\\/image\\\/\",\"url\":\"https:\\\/\\\/markasite.com.tr\\\/markamotors\\\/wp-content\\\/uploads\\\/footerMarkaMotors.png\",\"contentUrl\":\"https:\\\/\\\/markasite.com.tr\\\/markamotors\\\/wp-content\\\/uploads\\\/footerMarkaMotors.png\",\"width\":215,\"height\":58,\"caption\":\"Marka Motors\"},\"image\":{\"@id\":\"https:\\\/\\\/markasite.com.tr\\\/markamotors\\\/#\\\/schema\\\/logo\\\/image\\\/\"},\"sameAs\":[\"https:\\\/\\\/www.facebook.com\\\/?locale=tr_TR\"]}]}<\/script>\n<!-- \/ Yoast SEO plugin. -->","yoast_head_json":{"title":"Garrett Powermax 550 HP G\u00fc\u00e7 Artt\u0131r\u0131c\u0131 Turbo GT2563, VAG EA888 4. Nesil 2.0 TSI \/ 2.0 TFSI \/ 921474-5001 - Marka Motors","robots":{"index":"index","follow":"follow","max-snippet":"max-snippet:-1","max-image-preview":"max-image-preview:large","max-video-preview":"max-video-preview:-1"},"canonical":"https:\/\/markasite.com.tr\/markamotors\/urun\/garrett-powermax-550-hp-guc-arttirici-turbo-gt2563-vag-ea888-4-nesil-2-0-tsi-2-0-tfsi-921474-5001\/","og_locale":"tr_TR","og_type":"article","og_title":"Garrett Powermax 550 HP G\u00fc\u00e7 Artt\u0131r\u0131c\u0131 Turbo GT2563, VAG EA888 4. Nesil 2.0 TSI \/ 2.0 TFSI \/ 921474-5001 - Marka Motors","og_description":"Yeni Nesil Orijinal Garrett TurboGarrett Powermax 550 HP G\u00fc\u00e7 Artt\u0131r\u0131c\u0131 Turbo GT2563, VAG EA888 4. Nesil 2.0 TSI \/ 2.0 TFSI motorlar i\u00e7in. Audi, Seat, Skoda, VW 2.0 TFSI\/TSI i\u00e7in Garrett Tak \u00c7al\u0131\u015ft\u0131r 550 HP Turbo Y\u00fckseltme Kiti \/ 921474-5001 Garrett GT2563 Y\u00fckseltme Turbo Kitleri, Garrett&#8217;in orijinal ekipman \u00fcreticisi (OEM) yerine ge\u00e7en en yeni nesil","og_url":"https:\/\/markasite.com.tr\/markamotors\/urun\/garrett-powermax-550-hp-guc-arttirici-turbo-gt2563-vag-ea888-4-nesil-2-0-tsi-2-0-tfsi-921474-5001\/","og_site_name":"Marka Motors","article_publisher":"https:\/\/www.facebook.com\/?locale=tr_TR","article_modified_time":"2026-03-26T10:26:01+00:00","og_image":[{"width":1600,"height":1600,"url":"https:\/\/markasite.com.tr\/markamotors\/wp-content\/uploads\/921474-5001S.jpg","type":"image\/jpeg"}],"twitter_card":"summary_large_image","twitter_misc":{"Tahmini okuma s\u00fcresi":"6 dakika"},"schema":{"@context":"https:\/\/schema.org","@graph":[{"@type":"WebPage","@id":"https:\/\/markasite.com.tr\/markamotors\/urun\/garrett-powermax-550-hp-guc-arttirici-turbo-gt2563-vag-ea888-4-nesil-2-0-tsi-2-0-tfsi-921474-5001\/","url":"https:\/\/markasite.com.tr\/markamotors\/urun\/garrett-powermax-550-hp-guc-arttirici-turbo-gt2563-vag-ea888-4-nesil-2-0-tsi-2-0-tfsi-921474-5001\/","name":"Garrett Powermax 550 HP G\u00fc\u00e7 Artt\u0131r\u0131c\u0131 Turbo GT2563, VAG EA888 4. Nesil 2.0 TSI \/ 2.0 TFSI \/ 921474-5001 - Marka Motors","isPartOf":{"@id":"https:\/\/markasite.com.tr\/markamotors\/#website"},"primaryImageOfPage":{"@id":"https:\/\/markasite.com.tr\/markamotors\/urun\/garrett-powermax-550-hp-guc-arttirici-turbo-gt2563-vag-ea888-4-nesil-2-0-tsi-2-0-tfsi-921474-5001\/#primaryimage"},"image":{"@id":"https:\/\/markasite.com.tr\/markamotors\/urun\/garrett-powermax-550-hp-guc-arttirici-turbo-gt2563-vag-ea888-4-nesil-2-0-tsi-2-0-tfsi-921474-5001\/#primaryimage"},"thumbnailUrl":"https:\/\/markasite.com.tr\/markamotors\/wp-content\/uploads\/921474-5001S.jpg","datePublished":"2026-02-10T15:31:54+00:00","dateModified":"2026-03-26T10:26:01+00:00","breadcrumb":{"@id":"https:\/\/markasite.com.tr\/markamotors\/urun\/garrett-powermax-550-hp-guc-arttirici-turbo-gt2563-vag-ea888-4-nesil-2-0-tsi-2-0-tfsi-921474-5001\/#breadcrumb"},"inLanguage":"tr","potentialAction":[{"@type":"ReadAction","target":["https:\/\/markasite.com.tr\/markamotors\/urun\/garrett-powermax-550-hp-guc-arttirici-turbo-gt2563-vag-ea888-4-nesil-2-0-tsi-2-0-tfsi-921474-5001\/"]}]},{"@type":"ImageObject","inLanguage":"tr","@id":"https:\/\/markasite.com.tr\/markamotors\/urun\/garrett-powermax-550-hp-guc-arttirici-turbo-gt2563-vag-ea888-4-nesil-2-0-tsi-2-0-tfsi-921474-5001\/#primaryimage","url":"https:\/\/markasite.com.tr\/markamotors\/wp-content\/uploads\/921474-5001S.jpg","contentUrl":"https:\/\/markasite.com.tr\/markamotors\/wp-content\/uploads\/921474-5001S.jpg","width":1600,"height":1600},{"@type":"BreadcrumbList","@id":"https:\/\/markasite.com.tr\/markamotors\/urun\/garrett-powermax-550-hp-guc-arttirici-turbo-gt2563-vag-ea888-4-nesil-2-0-tsi-2-0-tfsi-921474-5001\/#breadcrumb","itemListElement":[{"@type":"ListItem","position":1,"name":"Anasayfa","item":"https:\/\/markasite.com.tr\/markamotors\/"},{"@type":"ListItem","position":2,"name":"Garrett Powermax 550 HP G\u00fc\u00e7 Artt\u0131r\u0131c\u0131 Turbo GT2563, VAG EA888 4. Nesil 2.0 TSI \/ 2.0 TFSI \/ 921474-5001"}]},{"@type":"WebSite","@id":"https:\/\/markasite.com.tr\/markamotors\/#website","url":"https:\/\/markasite.com.tr\/markamotors\/","name":"Marka Motors","description":"","publisher":{"@id":"https:\/\/markasite.com.tr\/markamotors\/#organization"},"potentialAction":[{"@type":"SearchAction","target":{"@type":"EntryPoint","urlTemplate":"https:\/\/markasite.com.tr\/markamotors\/?s={search_term_string}"},"query-input":{"@type":"PropertyValueSpecification","valueRequired":true,"valueName":"search_term_string"}}],"inLanguage":"tr"},{"@type":"Organization","@id":"https:\/\/markasite.com.tr\/markamotors\/#organization","name":"Marka Motors","url":"https:\/\/markasite.com.tr\/markamotors\/","logo":{"@type":"ImageObject","inLanguage":"tr","@id":"https:\/\/markasite.com.tr\/markamotors\/#\/schema\/logo\/image\/","url":"https:\/\/markasite.com.tr\/markamotors\/wp-content\/uploads\/footerMarkaMotors.png","contentUrl":"https:\/\/markasite.com.tr\/markamotors\/wp-content\/uploads\/footerMarkaMotors.png","width":215,"height":58,"caption":"Marka Motors"},"image":{"@id":"https:\/\/markasite.com.tr\/markamotors\/#\/schema\/logo\/image\/"},"sameAs":["https:\/\/www.facebook.com\/?locale=tr_TR"]}]}},"_links":{"self":[{"href":"https:\/\/markasite.com.tr\/markamotors\/wp-json\/wp\/v2\/product\/4429","targetHints":{"allow":["GET"]}}],"collection":[{"href":"https:\/\/markasite.com.tr\/markamotors\/wp-json\/wp\/v2\/product"}],"about":[{"href":"https:\/\/markasite.com.tr\/markamotors\/wp-json\/wp\/v2\/types\/product"}],"wp:featuredmedia":[{"embeddable":true,"href":"https:\/\/markasite.com.tr\/markamotors\/wp-json\/wp\/v2\/media\/4427"}],"wp:attachment":[{"href":"https:\/\/markasite.com.tr\/markamotors\/wp-json\/wp\/v2\/media?parent=4429"}],"wp:term":[{"taxonomy":"product_brand","embeddable":true,"href":"https:\/\/markasite.com.tr\/markamotors\/wp-json\/wp\/v2\/product_brand?post=4429"},{"taxonomy":"product_cat","embeddable":true,"href":"https:\/\/markasite.com.tr\/markamotors\/wp-json\/wp\/v2\/product_cat?post=4429"},{"taxonomy":"product_tag","embeddable":true,"href":"https:\/\/markasite.com.tr\/markamotors\/wp-json\/wp\/v2\/product_tag?post=4429"}],"curies":[{"name":"wp","href":"https:\/\/api.w.org\/{rel}","templated":true}]}}