{"id":7698,"date":"2026-03-30T04:15:20","date_gmt":"2026-03-30T01:15:20","guid":{"rendered":"https:\/\/markasite.com.tr\/markamotors\/?page_id=7698"},"modified":"2026-03-30T04:20:57","modified_gmt":"2026-03-30T01:20:57","slug":"iade-ve-iptal-politikasi","status":"publish","type":"page","link":"https:\/\/markasite.com.tr\/markamotors\/iade-ve-iptal-politikasi\/","title":{"rendered":"\u0130ade ve \u0130ptal Politikas\u0131"},"content":{"rendered":"\n<p><strong>\u0130ade Ko\u015fullar\u0131<\/strong><\/p>\n\n\n\n<p>Sat\u0131n ald\u0131\u011f\u0131n\u0131z \u00fcr\u00fcn\u00fc; kullanmadan, etiketini koparmadan, tahrip etmeden, deforme etmeden ve t\u00fcm aksesuarlar\u0131 ile birlikte, teslim ald\u0131\u011f\u0131n\u0131z tarihten itibaren <strong>14 (ond\u00f6rt) g\u00fcn<\/strong> i\u00e7erisinde iade edebilirsiniz.<\/p>\n\n\n\n<p>Sipari\u015finizi teslim al\u0131rken mutlaka kargo g\u00f6revlisinin yan\u0131nda kontrol ediniz. Ta\u015f\u0131ma s\u0131ras\u0131nda hasar g\u00f6rd\u00fc\u011f\u00fcn\u00fc d\u00fc\u015f\u00fcnd\u00fc\u011f\u00fcn\u00fcz \u00fcr\u00fcnleri teslim almay\u0131n\u0131z, kargo g\u00f6revlisine mutlaka <strong>hasar tespit tutana\u011f\u0131<\/strong> tutturunuz ve \u00fcr\u00fcnleri geri g\u00f6nderiniz.<\/p>\n\n\n\n<p>\u0130ade i\u015flemi \u00f6ncesinde, iade etmek istedi\u011finiz \u00fcr\u00fcn ile ilgili bilgileri <strong><a href=\"mailto:info@markasite.com.tr\" target=\"_blank\" rel=\"noreferrer noopener\">info@markasite.com.tr<\/a><\/strong> adresine e-posta ile bildirmeniz ve onay alman\u0131z gerekmektedir.<\/p>\n\n\n\n<p>\u0130ade edilen \u00fcr\u00fcn\/\u00fcr\u00fcnler taraf\u0131m\u0131za ula\u015ft\u0131ktan sonra gerekli teknik inceleme yap\u0131l\u0131r. \u0130ade \u015fartlar\u0131na uygunsa, talebinize g\u00f6re ayn\u0131 g\u00fcn i\u00e7inde de\u011fi\u015fim yap\u0131l\u0131r veya <strong>3 i\u015f g\u00fcn\u00fc<\/strong> i\u00e7erisinde \u00fccret iadesi ger\u00e7ekle\u015ftirilir.<\/p>\n\n\n\n<p>\u0130ade \u00f6demeleri, kullan\u0131lan \u00f6deme y\u00f6ntemine g\u00f6re yap\u0131l\u0131r:<\/p>\n\n\n\n<p>Kredi kart\u0131 ile \u00f6denmi\u015fse, iade ayn\u0131 karta yap\u0131l\u0131r.<\/p>\n\n\n\n<p>Havale\/EFT ile \u00f6denmi\u015fse, iade ilgili banka hesab\u0131na yap\u0131l\u0131r.<\/p>\n\n\n\n<p>T\u00fcm iadeler en ge\u00e7 3 i\u015f g\u00fcn\u00fc i\u00e7inde tamamlan\u0131r.<\/p>\n\n\n\n<p>M\u00fc\u015fteri memnuniyeti <strong>Marka Motors<\/strong> i\u00e7in \u00f6nceliklidir. \u0130ade ve de\u011fi\u015fim s\u00fcreci, al\u0131\u015fveri\u015fin do\u011fal bir par\u00e7as\u0131 olarak g\u00f6r\u00fclmekte ve titizlikle y\u00fcr\u00fct\u00fclmektedir.<\/p>\n\n\n\n<p>De\u011fi\u015fim i\u015flemlerinde, yeni \u00fcr\u00fcn\u00fcn kargo \u00fccreti Al\u0131c\u0131ya aittir.<\/p>\n\n\n\n<p><strong>\u0130ptal Ko\u015fullar\u0131<\/strong><\/p>\n\n\n\n<p>Sipari\u015finizi iptal etmek istedi\u011finizde, \u00fcr\u00fcn kargoya teslim edilmeden \u00f6nce M\u00fc\u015fteri Hizmetleri ile ileti\u015fime ge\u00e7ebilirsiniz.<\/p>\n\n\n\n<p>\u0130ptal talebiniz taraf\u0131m\u0131za ula\u015ft\u0131\u011f\u0131nda, sipari\u015finiz teslimata \u00e7\u0131kmadan iptal edilecek ve \u00f6demeniz, \u00f6deme y\u00f6nteminiz ile ayn\u0131 \u015fekilde hesab\u0131n\u0131za iade edilecektir.<\/p>\n\n\n\n<p><strong>\u0130leti\u015fim Bilgileri<\/strong><\/p>\n\n\n\n<p><strong>Firma Ad\u0131:<\/strong> Marka Motors Ltd.<\/p>\n\n\n\n<p><strong>Adres:<\/strong> Maslak Mh. Atat\u00fcrk Oto San. Sitesi 2.K 22.Sk. No: 730 Sar\u0131yer \/ \u0130stanbul<\/p>\n\n\n\n<p><strong>Web:<\/strong> <a href=\"https:\/\/markasite.com.tr\/markamotors\/\" target=\"_blank\" rel=\"noreferrer noopener\">www.markamotors.com.tr<\/a><\/p>\n\n\n\n<p><strong>E-posta:<\/strong> <a href=\"mailto:info@markasite.com.tr\" target=\"_blank\" rel=\"noreferrer noopener\">info@markasite.com.tr<\/a><\/p>\n\n\n\n<p><strong>Telefon:<\/strong> <a href=\"tel:+905331321322\" target=\"_blank\" rel=\"noreferrer noopener\">+90 533 132 13 22<\/a><\/p>\n","protected":false},"excerpt":{"rendered":"<p>\u0130ade Ko\u015fullar\u0131 Sat\u0131n ald\u0131\u011f\u0131n\u0131z \u00fcr\u00fcn\u00fc; kullanmadan, etiketini koparmadan, tahrip etmeden, deforme etmeden ve t\u00fcm aksesuarlar\u0131 ile birlikte, teslim ald\u0131\u011f\u0131n\u0131z tarihten itibaren 14 (ond\u00f6rt) g\u00fcn i\u00e7erisinde iade edebilirsiniz. Sipari\u015finizi teslim al\u0131rken mutlaka kargo g\u00f6revlisinin yan\u0131nda kontrol ediniz. Ta\u015f\u0131ma s\u0131ras\u0131nda hasar g\u00f6rd\u00fc\u011f\u00fcn\u00fc d\u00fc\u015f\u00fcnd\u00fc\u011f\u00fcn\u00fcz \u00fcr\u00fcnleri teslim almay\u0131n\u0131z, kargo g\u00f6revlisine mutlaka hasar tespit tutana\u011f\u0131 tutturunuz ve \u00fcr\u00fcnleri geri g\u00f6nderiniz.<\/p>\n","protected":false},"author":1,"featured_media":0,"parent":0,"menu_order":0,"comment_status":"closed","ping_status":"closed","template":"","meta":{"_acf_changed":false,"footnotes":""},"class_list":["post-7698","page","type-page","status-publish","hentry"],"acf":[],"yoast_head":"<!-- This site is optimized with the Yoast SEO plugin v27.3 - https:\/\/yoast.com\/product\/yoast-seo-wordpress\/ -->\n<title>\u0130ade ve \u0130ptal Politikas\u0131 - Marka Motors<\/title>\n<meta name=\"robots\" content=\"index, follow, max-snippet:-1, max-image-preview:large, max-video-preview:-1\" \/>\n<link rel=\"canonical\" href=\"https:\/\/markasite.com.tr\/markamotors\/iade-ve-iptal-politikasi\/\" \/>\n<meta property=\"og:locale\" content=\"tr_TR\" \/>\n<meta property=\"og:type\" content=\"article\" \/>\n<meta property=\"og:title\" content=\"\u0130ade ve \u0130ptal Politikas\u0131 - Marka Motors\" \/>\n<meta property=\"og:description\" content=\"\u0130ade Ko\u015fullar\u0131 Sat\u0131n ald\u0131\u011f\u0131n\u0131z \u00fcr\u00fcn\u00fc; kullanmadan, etiketini koparmadan, tahrip etmeden, deforme etmeden ve t\u00fcm aksesuarlar\u0131 ile birlikte, teslim ald\u0131\u011f\u0131n\u0131z tarihten itibaren 14 (ond\u00f6rt) g\u00fcn i\u00e7erisinde iade edebilirsiniz. Sipari\u015finizi teslim al\u0131rken mutlaka kargo g\u00f6revlisinin yan\u0131nda kontrol ediniz. Ta\u015f\u0131ma s\u0131ras\u0131nda hasar g\u00f6rd\u00fc\u011f\u00fcn\u00fc d\u00fc\u015f\u00fcnd\u00fc\u011f\u00fcn\u00fcz \u00fcr\u00fcnleri teslim almay\u0131n\u0131z, kargo g\u00f6revlisine mutlaka hasar tespit tutana\u011f\u0131 tutturunuz ve \u00fcr\u00fcnleri geri g\u00f6nderiniz.\" \/>\n<meta property=\"og:url\" content=\"https:\/\/markasite.com.tr\/markamotors\/iade-ve-iptal-politikasi\/\" \/>\n<meta property=\"og:site_name\" content=\"Marka Motors\" \/>\n<meta property=\"article:publisher\" content=\"https:\/\/www.facebook.com\/?locale=tr_TR\" \/>\n<meta property=\"article:modified_time\" content=\"2026-03-30T01:20:57+00:00\" \/>\n<meta name=\"twitter:card\" content=\"summary_large_image\" \/>\n<meta name=\"twitter:label1\" content=\"Tahmini okuma s\u00fcresi\" \/>\n\t<meta name=\"twitter:data1\" content=\"2 dakika\" \/>\n<script type=\"application\/ld+json\" class=\"yoast-schema-graph\">{\"@context\":\"https:\\\/\\\/schema.org\",\"@graph\":[{\"@type\":\"WebPage\",\"@id\":\"https:\\\/\\\/markasite.com.tr\\\/markamotors\\\/iade-ve-iptal-politikasi\\\/\",\"url\":\"https:\\\/\\\/markasite.com.tr\\\/markamotors\\\/iade-ve-iptal-politikasi\\\/\",\"name\":\"\u0130ade ve \u0130ptal Politikas\u0131 - Marka Motors\",\"isPartOf\":{\"@id\":\"https:\\\/\\\/markasite.com.tr\\\/markamotors\\\/#website\"},\"datePublished\":\"2026-03-30T01:15:20+00:00\",\"dateModified\":\"2026-03-30T01:20:57+00:00\",\"breadcrumb\":{\"@id\":\"https:\\\/\\\/markasite.com.tr\\\/markamotors\\\/iade-ve-iptal-politikasi\\\/#breadcrumb\"},\"inLanguage\":\"tr\",\"potentialAction\":[{\"@type\":\"ReadAction\",\"target\":[\"https:\\\/\\\/markasite.com.tr\\\/markamotors\\\/iade-ve-iptal-politikasi\\\/\"]}]},{\"@type\":\"BreadcrumbList\",\"@id\":\"https:\\\/\\\/markasite.com.tr\\\/markamotors\\\/iade-ve-iptal-politikasi\\\/#breadcrumb\",\"itemListElement\":[{\"@type\":\"ListItem\",\"position\":1,\"name\":\"Anasayfa\",\"item\":\"https:\\\/\\\/markasite.com.tr\\\/markamotors\\\/\"},{\"@type\":\"ListItem\",\"position\":2,\"name\":\"\u0130ade ve \u0130ptal Politikas\u0131\"}]},{\"@type\":\"WebSite\",\"@id\":\"https:\\\/\\\/markasite.com.tr\\\/markamotors\\\/#website\",\"url\":\"https:\\\/\\\/markasite.com.tr\\\/markamotors\\\/\",\"name\":\"Marka Motors\",\"description\":\"\",\"publisher\":{\"@id\":\"https:\\\/\\\/markasite.com.tr\\\/markamotors\\\/#organization\"},\"potentialAction\":[{\"@type\":\"SearchAction\",\"target\":{\"@type\":\"EntryPoint\",\"urlTemplate\":\"https:\\\/\\\/markasite.com.tr\\\/markamotors\\\/?s={search_term_string}\"},\"query-input\":{\"@type\":\"PropertyValueSpecification\",\"valueRequired\":true,\"valueName\":\"search_term_string\"}}],\"inLanguage\":\"tr\"},{\"@type\":\"Organization\",\"@id\":\"https:\\\/\\\/markasite.com.tr\\\/markamotors\\\/#organization\",\"name\":\"Marka Motors\",\"url\":\"https:\\\/\\\/markasite.com.tr\\\/markamotors\\\/\",\"logo\":{\"@type\":\"ImageObject\",\"inLanguage\":\"tr\",\"@id\":\"https:\\\/\\\/markasite.com.tr\\\/markamotors\\\/#\\\/schema\\\/logo\\\/image\\\/\",\"url\":\"https:\\\/\\\/markasite.com.tr\\\/markamotors\\\/wp-content\\\/uploads\\\/footerMarkaMotors.png\",\"contentUrl\":\"https:\\\/\\\/markasite.com.tr\\\/markamotors\\\/wp-content\\\/uploads\\\/footerMarkaMotors.png\",\"width\":215,\"height\":58,\"caption\":\"Marka Motors\"},\"image\":{\"@id\":\"https:\\\/\\\/markasite.com.tr\\\/markamotors\\\/#\\\/schema\\\/logo\\\/image\\\/\"},\"sameAs\":[\"https:\\\/\\\/www.facebook.com\\\/?locale=tr_TR\"]}]}<\/script>\n<!-- \/ Yoast SEO plugin. -->","yoast_head_json":{"title":"\u0130ade ve \u0130ptal Politikas\u0131 - Marka Motors","robots":{"index":"index","follow":"follow","max-snippet":"max-snippet:-1","max-image-preview":"max-image-preview:large","max-video-preview":"max-video-preview:-1"},"canonical":"https:\/\/markasite.com.tr\/markamotors\/iade-ve-iptal-politikasi\/","og_locale":"tr_TR","og_type":"article","og_title":"\u0130ade ve \u0130ptal Politikas\u0131 - Marka Motors","og_description":"\u0130ade Ko\u015fullar\u0131 Sat\u0131n ald\u0131\u011f\u0131n\u0131z \u00fcr\u00fcn\u00fc; kullanmadan, etiketini koparmadan, tahrip etmeden, deforme etmeden ve t\u00fcm aksesuarlar\u0131 ile birlikte, teslim ald\u0131\u011f\u0131n\u0131z tarihten itibaren 14 (ond\u00f6rt) g\u00fcn i\u00e7erisinde iade edebilirsiniz. Sipari\u015finizi teslim al\u0131rken mutlaka kargo g\u00f6revlisinin yan\u0131nda kontrol ediniz. Ta\u015f\u0131ma s\u0131ras\u0131nda hasar g\u00f6rd\u00fc\u011f\u00fcn\u00fc d\u00fc\u015f\u00fcnd\u00fc\u011f\u00fcn\u00fcz \u00fcr\u00fcnleri teslim almay\u0131n\u0131z, kargo g\u00f6revlisine mutlaka hasar tespit tutana\u011f\u0131 tutturunuz ve \u00fcr\u00fcnleri geri g\u00f6nderiniz.","og_url":"https:\/\/markasite.com.tr\/markamotors\/iade-ve-iptal-politikasi\/","og_site_name":"Marka Motors","article_publisher":"https:\/\/www.facebook.com\/?locale=tr_TR","article_modified_time":"2026-03-30T01:20:57+00:00","twitter_card":"summary_large_image","twitter_misc":{"Tahmini okuma s\u00fcresi":"2 dakika"},"schema":{"@context":"https:\/\/schema.org","@graph":[{"@type":"WebPage","@id":"https:\/\/markasite.com.tr\/markamotors\/iade-ve-iptal-politikasi\/","url":"https:\/\/markasite.com.tr\/markamotors\/iade-ve-iptal-politikasi\/","name":"\u0130ade ve \u0130ptal Politikas\u0131 - Marka Motors","isPartOf":{"@id":"https:\/\/markasite.com.tr\/markamotors\/#website"},"datePublished":"2026-03-30T01:15:20+00:00","dateModified":"2026-03-30T01:20:57+00:00","breadcrumb":{"@id":"https:\/\/markasite.com.tr\/markamotors\/iade-ve-iptal-politikasi\/#breadcrumb"},"inLanguage":"tr","potentialAction":[{"@type":"ReadAction","target":["https:\/\/markasite.com.tr\/markamotors\/iade-ve-iptal-politikasi\/"]}]},{"@type":"BreadcrumbList","@id":"https:\/\/markasite.com.tr\/markamotors\/iade-ve-iptal-politikasi\/#breadcrumb","itemListElement":[{"@type":"ListItem","position":1,"name":"Anasayfa","item":"https:\/\/markasite.com.tr\/markamotors\/"},{"@type":"ListItem","position":2,"name":"\u0130ade ve \u0130ptal Politikas\u0131"}]},{"@type":"WebSite","@id":"https:\/\/markasite.com.tr\/markamotors\/#website","url":"https:\/\/markasite.com.tr\/markamotors\/","name":"Marka Motors","description":"","publisher":{"@id":"https:\/\/markasite.com.tr\/markamotors\/#organization"},"potentialAction":[{"@type":"SearchAction","target":{"@type":"EntryPoint","urlTemplate":"https:\/\/markasite.com.tr\/markamotors\/?s={search_term_string}"},"query-input":{"@type":"PropertyValueSpecification","valueRequired":true,"valueName":"search_term_string"}}],"inLanguage":"tr"},{"@type":"Organization","@id":"https:\/\/markasite.com.tr\/markamotors\/#organization","name":"Marka Motors","url":"https:\/\/markasite.com.tr\/markamotors\/","logo":{"@type":"ImageObject","inLanguage":"tr","@id":"https:\/\/markasite.com.tr\/markamotors\/#\/schema\/logo\/image\/","url":"https:\/\/markasite.com.tr\/markamotors\/wp-content\/uploads\/footerMarkaMotors.png","contentUrl":"https:\/\/markasite.com.tr\/markamotors\/wp-content\/uploads\/footerMarkaMotors.png","width":215,"height":58,"caption":"Marka Motors"},"image":{"@id":"https:\/\/markasite.com.tr\/markamotors\/#\/schema\/logo\/image\/"},"sameAs":["https:\/\/www.facebook.com\/?locale=tr_TR"]}]}},"_links":{"self":[{"href":"https:\/\/markasite.com.tr\/markamotors\/wp-json\/wp\/v2\/pages\/7698","targetHints":{"allow":["GET"]}}],"collection":[{"href":"https:\/\/markasite.com.tr\/markamotors\/wp-json\/wp\/v2\/pages"}],"about":[{"href":"https:\/\/markasite.com.tr\/markamotors\/wp-json\/wp\/v2\/types\/page"}],"author":[{"embeddable":true,"href":"https:\/\/markasite.com.tr\/markamotors\/wp-json\/wp\/v2\/users\/1"}],"replies":[{"embeddable":true,"href":"https:\/\/markasite.com.tr\/markamotors\/wp-json\/wp\/v2\/comments?post=7698"}],"version-history":[{"count":1,"href":"https:\/\/markasite.com.tr\/markamotors\/wp-json\/wp\/v2\/pages\/7698\/revisions"}],"predecessor-version":[{"id":7699,"href":"https:\/\/markasite.com.tr\/markamotors\/wp-json\/wp\/v2\/pages\/7698\/revisions\/7699"}],"wp:attachment":[{"href":"https:\/\/markasite.com.tr\/markamotors\/wp-json\/wp\/v2\/media?parent=7698"}],"curies":[{"name":"wp","href":"https:\/\/api.w.org\/{rel}","templated":true}]}}