{"id":1698,"date":"2026-02-26T13:09:41","date_gmt":"2026-02-26T13:09:41","guid":{"rendered":"https:\/\/markasite.com.tr\/degem\/?post_type=product&#038;p=1698"},"modified":"2026-04-01T12:56:32","modified_gmt":"2026-04-01T12:56:32","slug":"6-m%c2%b3-waste-skip-container","status":"publish","type":"product","link":"https:\/\/markasite.com.tr\/degem\/urunler\/6-m%c2%b3-waste-skip-container\/","title":{"rendered":"6 M\u00b3 ATIK SKIP KONTEYNER"},"content":{"rendered":"<p>At\u0131k Skip Konteyneri, genel at\u0131klar\u0131n g\u00fcvenli ve verimli bir \u015fekilde ta\u015f\u0131nmas\u0131 ve depolanmas\u0131 i\u00e7in tasarlanm\u0131\u015ft\u0131r.<\/p>\n<p>&gt; Kan\u0131tlanm\u0131\u015f ve g\u00fc\u00e7l\u00fc tasar\u0131m<br \/>\n&gt; Drenaj delikleri<br \/>\n&gt; Forklift yuvalar\u0131<\/p>\n","protected":false},"excerpt":{"rendered":"<p><strong>Sertifikalar ve Onaylar<\/strong><br \/>\n&gt; DNV\u00a0 2.7-1<br \/>\n&gt; ISO 10855:2018<br \/>\n&gt; IMO MSC\/ Circular 860<\/p>\n<p><strong>Boyutlar<\/strong><br \/>\n&gt; L 3909 mm\u00a0 W 1894 mm\u00a0 H 1410 mm<br \/>\n&gt; L 12.8 ft\u00a0 W 6.2 ft\u00a0 H 4.6 ft<\/p>\n<p><strong>A\u011f\u0131rl\u0131k<\/strong><br \/>\n&gt; Dara a\u011f\u0131rl\u0131\u011f\u0131: 1610 kg \/ 3548 lb<br \/>\n&gt; Y\u00fck kapasitesi: 4890 kg \/ 10777 lb<br \/>\n&gt; Maks. br\u00fct a\u011f\u0131rl\u0131k: 6500 kg \/ 14326 lb<\/p>\n","protected":false},"featured_media":1699,"comment_status":"open","ping_status":"closed","template":"","meta":[],"product_brand":[],"product_cat":[179],"product_tag":[],"class_list":{"0":"post-1698","1":"product","2":"type-product","3":"status-publish","4":"has-post-thumbnail","6":"product_cat-container-tr","8":"first","9":"instock","10":"shipping-taxable","11":"product-type-simple"},"yoast_head":"<!-- This site is optimized with the Yoast SEO plugin v27.3 - https:\/\/yoast.com\/product\/yoast-seo-wordpress\/ -->\n<title>6 M\u00b3 ATIK SKIP KONTEYNER - Degem<\/title>\n<meta name=\"description\" content=\"Waste Skip Container designed for the safe and efficient transportation and storage of general waste\" \/>\n<meta name=\"robots\" content=\"index, follow, max-snippet:-1, max-image-preview:large, max-video-preview:-1\" \/>\n<link rel=\"canonical\" href=\"https:\/\/markasite.com.tr\/degem\/urunler\/6-m\u00b3-waste-skip-container\/\" \/>\n<meta property=\"og:locale\" content=\"tr_TR\" \/>\n<meta property=\"og:type\" content=\"article\" \/>\n<meta property=\"og:title\" content=\"6 M\u00b3 ATIK SKIP KONTEYNER - Degem\" \/>\n<meta property=\"og:description\" content=\"Waste Skip Container designed for the safe and efficient transportation and storage of general waste\" \/>\n<meta property=\"og:url\" content=\"https:\/\/markasite.com.tr\/degem\/urunler\/6-m\u00b3-waste-skip-container\/\" \/>\n<meta property=\"og:site_name\" content=\"Degem\" \/>\n<meta property=\"article:modified_time\" content=\"2026-04-01T12:56:32+00:00\" \/>\n<meta property=\"og:image\" content=\"https:\/\/markasite.com.tr\/degem\/wp-content\/uploads\/2026\/02\/6-M\u00b3-WASTE-SKIP-CONTAINER.png\" \/>\n\t<meta property=\"og:image:width\" content=\"1024\" \/>\n\t<meta property=\"og:image:height\" content=\"853\" \/>\n\t<meta property=\"og:image:type\" content=\"image\/png\" \/>\n<meta name=\"twitter:card\" content=\"summary_large_image\" \/>\n<meta name=\"twitter:label1\" content=\"Tahmini okuma s\u00fcresi\" \/>\n\t<meta name=\"twitter:data1\" content=\"1 dakika\" \/>\n<script type=\"application\/ld+json\" class=\"yoast-schema-graph\">{\"@context\":\"https:\\\/\\\/schema.org\",\"@graph\":[{\"@type\":\"WebPage\",\"@id\":\"https:\\\/\\\/markasite.com.tr\\\/degem\\\/urunler\\\/6-m%c2%b3-waste-skip-container\\\/\",\"url\":\"https:\\\/\\\/markasite.com.tr\\\/degem\\\/urunler\\\/6-m%c2%b3-waste-skip-container\\\/\",\"name\":\"6 M\u00b3 ATIK SKIP KONTEYNER - Degem\",\"isPartOf\":{\"@id\":\"https:\\\/\\\/markasite.com.tr\\\/degem\\\/#website\"},\"primaryImageOfPage\":{\"@id\":\"https:\\\/\\\/markasite.com.tr\\\/degem\\\/urunler\\\/6-m%c2%b3-waste-skip-container\\\/#primaryimage\"},\"image\":{\"@id\":\"https:\\\/\\\/markasite.com.tr\\\/degem\\\/urunler\\\/6-m%c2%b3-waste-skip-container\\\/#primaryimage\"},\"thumbnailUrl\":\"https:\\\/\\\/markasite.com.tr\\\/degem\\\/wp-content\\\/uploads\\\/2026\\\/02\\\/6-M\u00b3-WASTE-SKIP-CONTAINER.png\",\"datePublished\":\"2026-02-26T13:09:41+00:00\",\"dateModified\":\"2026-04-01T12:56:32+00:00\",\"description\":\"Waste Skip Container designed for the safe and efficient transportation and storage of general waste\",\"breadcrumb\":{\"@id\":\"https:\\\/\\\/markasite.com.tr\\\/degem\\\/urunler\\\/6-m%c2%b3-waste-skip-container\\\/#breadcrumb\"},\"inLanguage\":\"tr\",\"potentialAction\":[{\"@type\":\"ReadAction\",\"target\":[\"https:\\\/\\\/markasite.com.tr\\\/degem\\\/urunler\\\/6-m%c2%b3-waste-skip-container\\\/\"]}]},{\"@type\":\"ImageObject\",\"inLanguage\":\"tr\",\"@id\":\"https:\\\/\\\/markasite.com.tr\\\/degem\\\/urunler\\\/6-m%c2%b3-waste-skip-container\\\/#primaryimage\",\"url\":\"https:\\\/\\\/markasite.com.tr\\\/degem\\\/wp-content\\\/uploads\\\/2026\\\/02\\\/6-M\u00b3-WASTE-SKIP-CONTAINER.png\",\"contentUrl\":\"https:\\\/\\\/markasite.com.tr\\\/degem\\\/wp-content\\\/uploads\\\/2026\\\/02\\\/6-M\u00b3-WASTE-SKIP-CONTAINER.png\",\"width\":1024,\"height\":853},{\"@type\":\"BreadcrumbList\",\"@id\":\"https:\\\/\\\/markasite.com.tr\\\/degem\\\/urunler\\\/6-m%c2%b3-waste-skip-container\\\/#breadcrumb\",\"itemListElement\":[{\"@type\":\"ListItem\",\"position\":1,\"name\":\"Anasayfa\",\"item\":\"https:\\\/\\\/markasite.com.tr\\\/degem\\\/\"},{\"@type\":\"ListItem\",\"position\":2,\"name\":\"\u00dcr\u00fcnler\",\"item\":\"https:\\\/\\\/markasite.com.tr\\\/degem\\\/urunler\\\/\"},{\"@type\":\"ListItem\",\"position\":3,\"name\":\"6 M\u00b3 ATIK SKIP KONTEYNER\"}]},{\"@type\":\"WebSite\",\"@id\":\"https:\\\/\\\/markasite.com.tr\\\/degem\\\/#website\",\"url\":\"https:\\\/\\\/markasite.com.tr\\\/degem\\\/\",\"name\":\"Degem\",\"description\":\"Degem Ship Repair\",\"publisher\":{\"@id\":\"https:\\\/\\\/markasite.com.tr\\\/degem\\\/#organization\"},\"potentialAction\":[{\"@type\":\"SearchAction\",\"target\":{\"@type\":\"EntryPoint\",\"urlTemplate\":\"https:\\\/\\\/markasite.com.tr\\\/degem\\\/?s={search_term_string}\"},\"query-input\":{\"@type\":\"PropertyValueSpecification\",\"valueRequired\":true,\"valueName\":\"search_term_string\"}}],\"inLanguage\":\"tr\"},{\"@type\":\"Organization\",\"@id\":\"https:\\\/\\\/markasite.com.tr\\\/degem\\\/#organization\",\"name\":\"Degem\",\"url\":\"https:\\\/\\\/markasite.com.tr\\\/degem\\\/\",\"logo\":{\"@type\":\"ImageObject\",\"inLanguage\":\"tr\",\"@id\":\"https:\\\/\\\/markasite.com.tr\\\/degem\\\/#\\\/schema\\\/logo\\\/image\\\/\",\"url\":\"https:\\\/\\\/markasite.com.tr\\\/degem\\\/wp-content\\\/uploads\\\/2025\\\/11\\\/degem-logo.png\",\"contentUrl\":\"https:\\\/\\\/markasite.com.tr\\\/degem\\\/wp-content\\\/uploads\\\/2025\\\/11\\\/degem-logo.png\",\"width\":1577,\"height\":417,\"caption\":\"Degem\"},\"image\":{\"@id\":\"https:\\\/\\\/markasite.com.tr\\\/degem\\\/#\\\/schema\\\/logo\\\/image\\\/\"}}]}<\/script>\n<!-- \/ Yoast SEO plugin. -->","yoast_head_json":{"title":"6 M\u00b3 ATIK SKIP KONTEYNER - Degem","description":"Waste Skip Container designed for the safe and efficient transportation and storage of general waste","robots":{"index":"index","follow":"follow","max-snippet":"max-snippet:-1","max-image-preview":"max-image-preview:large","max-video-preview":"max-video-preview:-1"},"canonical":"https:\/\/markasite.com.tr\/degem\/urunler\/6-m\u00b3-waste-skip-container\/","og_locale":"tr_TR","og_type":"article","og_title":"6 M\u00b3 ATIK SKIP KONTEYNER - Degem","og_description":"Waste Skip Container designed for the safe and efficient transportation and storage of general waste","og_url":"https:\/\/markasite.com.tr\/degem\/urunler\/6-m\u00b3-waste-skip-container\/","og_site_name":"Degem","article_modified_time":"2026-04-01T12:56:32+00:00","og_image":[{"width":1024,"height":853,"url":"https:\/\/markasite.com.tr\/degem\/wp-content\/uploads\/2026\/02\/6-M\u00b3-WASTE-SKIP-CONTAINER.png","type":"image\/png"}],"twitter_card":"summary_large_image","twitter_misc":{"Tahmini okuma s\u00fcresi":"1 dakika"},"schema":{"@context":"https:\/\/schema.org","@graph":[{"@type":"WebPage","@id":"https:\/\/markasite.com.tr\/degem\/urunler\/6-m%c2%b3-waste-skip-container\/","url":"https:\/\/markasite.com.tr\/degem\/urunler\/6-m%c2%b3-waste-skip-container\/","name":"6 M\u00b3 ATIK SKIP KONTEYNER - Degem","isPartOf":{"@id":"https:\/\/markasite.com.tr\/degem\/#website"},"primaryImageOfPage":{"@id":"https:\/\/markasite.com.tr\/degem\/urunler\/6-m%c2%b3-waste-skip-container\/#primaryimage"},"image":{"@id":"https:\/\/markasite.com.tr\/degem\/urunler\/6-m%c2%b3-waste-skip-container\/#primaryimage"},"thumbnailUrl":"https:\/\/markasite.com.tr\/degem\/wp-content\/uploads\/2026\/02\/6-M\u00b3-WASTE-SKIP-CONTAINER.png","datePublished":"2026-02-26T13:09:41+00:00","dateModified":"2026-04-01T12:56:32+00:00","description":"Waste Skip Container designed for the safe and efficient transportation and storage of general waste","breadcrumb":{"@id":"https:\/\/markasite.com.tr\/degem\/urunler\/6-m%c2%b3-waste-skip-container\/#breadcrumb"},"inLanguage":"tr","potentialAction":[{"@type":"ReadAction","target":["https:\/\/markasite.com.tr\/degem\/urunler\/6-m%c2%b3-waste-skip-container\/"]}]},{"@type":"ImageObject","inLanguage":"tr","@id":"https:\/\/markasite.com.tr\/degem\/urunler\/6-m%c2%b3-waste-skip-container\/#primaryimage","url":"https:\/\/markasite.com.tr\/degem\/wp-content\/uploads\/2026\/02\/6-M\u00b3-WASTE-SKIP-CONTAINER.png","contentUrl":"https:\/\/markasite.com.tr\/degem\/wp-content\/uploads\/2026\/02\/6-M\u00b3-WASTE-SKIP-CONTAINER.png","width":1024,"height":853},{"@type":"BreadcrumbList","@id":"https:\/\/markasite.com.tr\/degem\/urunler\/6-m%c2%b3-waste-skip-container\/#breadcrumb","itemListElement":[{"@type":"ListItem","position":1,"name":"Anasayfa","item":"https:\/\/markasite.com.tr\/degem\/"},{"@type":"ListItem","position":2,"name":"\u00dcr\u00fcnler","item":"https:\/\/markasite.com.tr\/degem\/urunler\/"},{"@type":"ListItem","position":3,"name":"6 M\u00b3 ATIK SKIP KONTEYNER"}]},{"@type":"WebSite","@id":"https:\/\/markasite.com.tr\/degem\/#website","url":"https:\/\/markasite.com.tr\/degem\/","name":"Degem","description":"Degem Ship Repair","publisher":{"@id":"https:\/\/markasite.com.tr\/degem\/#organization"},"potentialAction":[{"@type":"SearchAction","target":{"@type":"EntryPoint","urlTemplate":"https:\/\/markasite.com.tr\/degem\/?s={search_term_string}"},"query-input":{"@type":"PropertyValueSpecification","valueRequired":true,"valueName":"search_term_string"}}],"inLanguage":"tr"},{"@type":"Organization","@id":"https:\/\/markasite.com.tr\/degem\/#organization","name":"Degem","url":"https:\/\/markasite.com.tr\/degem\/","logo":{"@type":"ImageObject","inLanguage":"tr","@id":"https:\/\/markasite.com.tr\/degem\/#\/schema\/logo\/image\/","url":"https:\/\/markasite.com.tr\/degem\/wp-content\/uploads\/2025\/11\/degem-logo.png","contentUrl":"https:\/\/markasite.com.tr\/degem\/wp-content\/uploads\/2025\/11\/degem-logo.png","width":1577,"height":417,"caption":"Degem"},"image":{"@id":"https:\/\/markasite.com.tr\/degem\/#\/schema\/logo\/image\/"}}]}},"_links":{"self":[{"href":"https:\/\/markasite.com.tr\/degem\/wp-json\/wp\/v2\/product\/1698","targetHints":{"allow":["GET"]}}],"collection":[{"href":"https:\/\/markasite.com.tr\/degem\/wp-json\/wp\/v2\/product"}],"about":[{"href":"https:\/\/markasite.com.tr\/degem\/wp-json\/wp\/v2\/types\/product"}],"replies":[{"embeddable":true,"href":"https:\/\/markasite.com.tr\/degem\/wp-json\/wp\/v2\/comments?post=1698"}],"wp:featuredmedia":[{"embeddable":true,"href":"https:\/\/markasite.com.tr\/degem\/wp-json\/wp\/v2\/media\/1699"}],"wp:attachment":[{"href":"https:\/\/markasite.com.tr\/degem\/wp-json\/wp\/v2\/media?parent=1698"}],"wp:term":[{"taxonomy":"product_brand","embeddable":true,"href":"https:\/\/markasite.com.tr\/degem\/wp-json\/wp\/v2\/product_brand?post=1698"},{"taxonomy":"product_cat","embeddable":true,"href":"https:\/\/markasite.com.tr\/degem\/wp-json\/wp\/v2\/product_cat?post=1698"},{"taxonomy":"product_tag","embeddable":true,"href":"https:\/\/markasite.com.tr\/degem\/wp-json\/wp\/v2\/product_tag?post=1698"}],"curies":[{"name":"wp","href":"https:\/\/api.w.org\/{rel}","templated":true}]}}